{"id":77,"date":"2016-04-19T14:08:26","date_gmt":"2016-04-19T12:08:26","guid":{"rendered":"http:\/\/abcd.abuledu.org\/balade-dans-le-cyber-espace\/?page_id=77"},"modified":"2016-05-17T14:16:07","modified_gmt":"2016-05-17T12:16:07","slug":"telechargements","status":"publish","type":"page","link":"http:\/\/abcd.abuledu.org\/balade-dans-le-cyber-espace\/telechargements\/","title":{"rendered":"Ressources"},"content":{"rendered":"<p class=\"gauche\">La balade de Clara dans le cyber espace existe \u00e9galement sur support papier : un livret de 8 pages format A5 et une affichette de 420&#215;594 mm.<br \/>\nLes fichiers PDF correspondants sont t\u00e9l\u00e9chargeables ci-dessous.<\/p>\n<p class=\"gauche\"><a href=\"http:\/\/abcd.abuledu.org\/balade-dans-le-cyber-espace\/wp-content\/uploads\/sites\/8\/2016\/05\/livret-8p-A5.pdf\" target=\"_blank\"><img loading=\"lazy\" class=\"alignnone size-medium wp-image-78\" style=\"margin-bottom: 0;\" src=\"http:\/\/abcd.abuledu.org\/balade-dans-le-cyber-espace\/wp-content\/uploads\/sites\/8\/2016\/04\/livret-216x300.jpg\" alt=\"livret\" width=\"108\" height=\"150\" srcset=\"http:\/\/abcd.abuledu.org\/balade-dans-le-cyber-espace\/wp-content\/uploads\/sites\/8\/2016\/04\/livret-216x300.jpg 216w, http:\/\/abcd.abuledu.org\/balade-dans-le-cyber-espace\/wp-content\/uploads\/sites\/8\/2016\/04\/livret.jpg 299w\" sizes=\"(max-width: 108px) 85vw, 108px\" \/><\/a><small><strong style=\"color: #f4ef83;\">LIVRET 8 PAGES A5<\/strong> \u00e0 imprimer en A4 recto\/verso format paysage.<\/small><\/p>\n<p class=\"gauche\"><a href=\"http:\/\/abcd.abuledu.org\/balade-dans-le-cyber-espace\/wp-content\/uploads\/sites\/8\/2016\/04\/affichette-420x594.pdf\" target=\"_blank\"><img loading=\"lazy\" class=\"alignnone size-medium wp-image-79\" style=\"margin-bottom: 0;\" src=\"http:\/\/abcd.abuledu.org\/balade-dans-le-cyber-espace\/wp-content\/uploads\/sites\/8\/2016\/04\/affichette-216x300.jpg\" alt=\"affichette\" width=\"108\" height=\"150\" srcset=\"http:\/\/abcd.abuledu.org\/balade-dans-le-cyber-espace\/wp-content\/uploads\/sites\/8\/2016\/04\/affichette-216x300.jpg 216w, http:\/\/abcd.abuledu.org\/balade-dans-le-cyber-espace\/wp-content\/uploads\/sites\/8\/2016\/04\/affichette-768x1067.jpg 768w, http:\/\/abcd.abuledu.org\/balade-dans-le-cyber-espace\/wp-content\/uploads\/sites\/8\/2016\/04\/affichette-737x1024.jpg 737w, http:\/\/abcd.abuledu.org\/balade-dans-le-cyber-espace\/wp-content\/uploads\/sites\/8\/2016\/04\/affichette-1200x1666.jpg 1200w\" sizes=\"(max-width: 108px) 85vw, 108px\" \/><\/a><small><strong style=\"color: #f4ef83;\">AFFICHETTE 420&#215;594 mm<\/strong> \u00e0 imprimer sur 2 pages recto A3 format paysage.<\/small><\/p>\n","protected":false},"excerpt":{"rendered":"<p>La balade de Clara dans le cyber espace existe \u00e9galement sur support papier : un livret de 8 pages format A5 et une affichette de 420&#215;594 mm. Les fichiers PDF correspondants sont t\u00e9l\u00e9chargeables ci-dessous. LIVRET 8 PAGES A5 \u00e0 imprimer en A4 recto\/verso format paysage. AFFICHETTE 420&#215;594 mm \u00e0 imprimer sur 2 pages recto A3 &hellip; <a href=\"http:\/\/abcd.abuledu.org\/balade-dans-le-cyber-espace\/telechargements\/\" class=\"more-link\">Continuer la lecture<span class=\"screen-reader-text\"> de &laquo;&nbsp;Ressources&nbsp;&raquo;<\/span><\/a><\/p>\n","protected":false},"author":2,"featured_media":0,"parent":0,"menu_order":0,"comment_status":"closed","ping_status":"closed","template":"","meta":[],"categories":[],"_links":{"self":[{"href":"http:\/\/abcd.abuledu.org\/balade-dans-le-cyber-espace\/wp-json\/wp\/v2\/pages\/77"}],"collection":[{"href":"http:\/\/abcd.abuledu.org\/balade-dans-le-cyber-espace\/wp-json\/wp\/v2\/pages"}],"about":[{"href":"http:\/\/abcd.abuledu.org\/balade-dans-le-cyber-espace\/wp-json\/wp\/v2\/types\/page"}],"author":[{"embeddable":true,"href":"http:\/\/abcd.abuledu.org\/balade-dans-le-cyber-espace\/wp-json\/wp\/v2\/users\/2"}],"replies":[{"embeddable":true,"href":"http:\/\/abcd.abuledu.org\/balade-dans-le-cyber-espace\/wp-json\/wp\/v2\/comments?post=77"}],"version-history":[{"count":51,"href":"http:\/\/abcd.abuledu.org\/balade-dans-le-cyber-espace\/wp-json\/wp\/v2\/pages\/77\/revisions"}],"predecessor-version":[{"id":204,"href":"http:\/\/abcd.abuledu.org\/balade-dans-le-cyber-espace\/wp-json\/wp\/v2\/pages\/77\/revisions\/204"}],"wp:attachment":[{"href":"http:\/\/abcd.abuledu.org\/balade-dans-le-cyber-espace\/wp-json\/wp\/v2\/media?parent=77"}],"wp:term":[{"taxonomy":"category","embeddable":true,"href":"http:\/\/abcd.abuledu.org\/balade-dans-le-cyber-espace\/wp-json\/wp\/v2\/categories?post=77"}],"curies":[{"name":"wp","href":"https:\/\/api.w.org\/{rel}","templated":true}]}}

<p class="gauche">La balade de Clara dans le cyber espace existe également sur support papier : un livret de 8 pages format A5 et une affichette de 420&#215;594 mm.<br />
Les fichiers PDF correspondants sont téléchargeables ci-dessous.</p>
<p class="gauche"><a href="http://abcd.abuledu.org/balade-dans-le-cyber-espace/wp-content/uploads/sites/8/2016/05/livret-8p-A5.pdf" target="_blank"><img loading="lazy" class="alignnone size-medium wp-image-78" style="margin-bottom: 0;" src="http://abcd.abuledu.org/balade-dans-le-cyber-espace/wp-content/uploads/sites/8/2016/04/livret-216x300.jpg" alt="livret" width="108" height="150" srcset="http://abcd.abuledu.org/balade-dans-le-cyber-espace/wp-content/uploads/sites/8/2016/04/livret-216x300.jpg 216w, http://abcd.abuledu.org/balade-dans-le-cyber-espace/wp-content/uploads/sites/8/2016/04/livret.jpg 299w" sizes="(max-width: 108px) 85vw, 108px" /></a><small><strong style="color: #f4ef83;">LIVRET 8 PAGES A5</strong> à imprimer en A4 recto/verso format paysage.</small></p>
<p class="gauche"><a href="http://abcd.abuledu.org/balade-dans-le-cyber-espace/wp-content/uploads/sites/8/2016/04/affichette-420x594.pdf" target="_blank"><img loading="lazy" class="alignnone size-medium wp-image-79" style="margin-bottom: 0;" src="http://abcd.abuledu.org/balade-dans-le-cyber-espace/wp-content/uploads/sites/8/2016/04/affichette-216x300.jpg" alt="affichette" width="108" height="150" srcset="http://abcd.abuledu.org/balade-dans-le-cyber-espace/wp-content/uploads/sites/8/2016/04/affichette-216x300.jpg 216w, http://abcd.abuledu.org/balade-dans-le-cyber-espace/wp-content/uploads/sites/8/2016/04/affichette-768x1067.jpg 768w, http://abcd.abuledu.org/balade-dans-le-cyber-espace/wp-content/uploads/sites/8/2016/04/affichette-737x1024.jpg 737w, http://abcd.abuledu.org/balade-dans-le-cyber-espace/wp-content/uploads/sites/8/2016/04/affichette-1200x1666.jpg 1200w" sizes="(max-width: 108px) 85vw, 108px" /></a><small><strong style="color: #f4ef83;">AFFICHETTE 420&#215;594 mm</strong> à imprimer sur 2 pages recto A3 format paysage.</small></p>

<p>La balade de Clara dans le cyber espace existe également sur support papier : un livret de 8 pages format A5 et une affichette de 420&#215;594 mm. Les fichiers PDF correspondants sont téléchargeables ci-dessous. LIVRET 8 PAGES A5 à imprimer en A4 recto/verso format paysage. AFFICHETTE 420&#215;594 mm à imprimer sur 2 pages recto A3 &hellip; <a href="http://abcd.abuledu.org/balade-dans-le-cyber-espace/telechargements/" class="more-link">Continuer la lecture<span class="screen-reader-text"> de &laquo;&nbsp;Ressources&nbsp;&raquo;</span></a></p>
