{"id":27,"date":"2015-04-25T23:38:02","date_gmt":"2015-04-25T22:38:02","guid":{"rendered":"http:\/\/abcd.abuledu.org\/herve-le-carre\/?page_id=27"},"modified":"2015-08-30T17:43:45","modified_gmt":"2015-08-30T16:43:45","slug":"lauteur","status":"publish","type":"page","link":"http:\/\/abcd.abuledu.org\/herve-le-carre\/","title":{"rendered":"Bienvenue !"},"content":{"rendered":"<p><span style=\"color: #ffff00\">Une dizaine de pages \u00e0 feuilleter \u00e0 l&rsquo;\u00e9cran, dans l&rsquo;ordre ou dans le d\u00e9sordre, pour le plaisir des yeux.<\/span><\/p>\n<p><span style=\"color: #ffff00\">Un humour tout en d\u00e9licatesse, des petits personnages farfelus ou au contraire familiers, des aventures banales sauv\u00e9es de l&rsquo;anonymat par un coup de crayon alerte, Venez passer avec nous du coq \u00e0 l&rsquo;\u00e2ne, sur les traces d&rsquo;Odysseus.<\/span><\/p>\n<h2><a href=\"http:\/\/odysseuslibre.be\/mondelibre\/\" target=\"_blank\">Herv\u00e9 et ses copains :<\/a><\/h2>\n<ul>\n<li>Petit V\u00e9nusien<\/li>\n<li>L&rsquo;histoire du loup<\/li>\n<li>Super H\u00e9ros<\/li>\n<li>Herv\u00e9 le Carr\u00e9<\/li>\n<li>Rudy<\/li>\n<\/ul>\n<h2><a href=\"http:\/\/odysseuslibre.be\/mondelibre\/category\/pour-la-classe\/\" target=\"_blank\">En classe ou en atelier :<\/a><\/h2>\n<ul>\n<li>Modules avec les applicatifs de la Suite Abul\u00c9du : Imag\u00e9o, Images S\u00e9quentielles, ALLER, Mulot.<\/li>\n<li>Quelques activit\u00e9s papier avec le Petit V\u00e9nusien.<\/li>\n<li>Raconte-Moi en ligne, \u00e0 \u00e9couter sur la plate-forme web.<\/li>\n<li>Forminos et Declinos pour jouer aux dominos avec les formes g\u00e9om\u00e9triques et les d\u00e9clinaisons latines.<\/li>\n<li>Petits hommes sans t\u00eate pour les passionn\u00e9s de \u00ab\u00a0selfies\u00a0\u00bb<\/li>\n<li>et Scrabootchas \u00e0 compl\u00e9ter, seul ou \u00e0 plusieurs, en ligne ou sur papier.<\/li>\n<li>Enregistrement de douze fables de La Fontaine \u00e0 savourer sur le site de l&rsquo;auteur et sur raconte-moi.<\/li>\n<\/ul>\n<h2><a href=\"http:\/\/abuledu-fr.org\/odysseus-nous-emmene-en-voyage\/\" target=\"_blank\">L&rsquo;auteur nous parle, sur le site de l&rsquo;association<\/a><\/h2>\n<div style=\"clear: both\"><iframe loading=\"lazy\" src=\"http:\/\/videos.abuledu.org\/embed\/23\" align=\"left\" width=\"480\" height=\"360\" frameborder=\"0\" scrolling=\"no\" marginwidth=\"0\" marginheight=\"0\" allowfullscreen><\/iframe><\/div>\n","protected":false},"excerpt":{"rendered":"<p>Une dizaine de pages \u00e0 feuilleter \u00e0 l&rsquo;\u00e9cran, dans l&rsquo;ordre ou dans le d\u00e9sordre, pour le plaisir des yeux. Un humour tout en d\u00e9licatesse, des petits personnages farfelus ou au contraire familiers, des aventures banales sauv\u00e9es de l&rsquo;anonymat par un coup de crayon alerte, Venez passer avec nous du coq \u00e0 l&rsquo;\u00e2ne, sur les traces [&hellip;]<\/p>\n","protected":false},"author":1,"featured_media":151,"parent":0,"menu_order":12,"comment_status":"open","ping_status":"closed","template":"","meta":[],"categories":[],"_links":{"self":[{"href":"http:\/\/abcd.abuledu.org\/herve-le-carre\/wp-json\/wp\/v2\/pages\/27"}],"collection":[{"href":"http:\/\/abcd.abuledu.org\/herve-le-carre\/wp-json\/wp\/v2\/pages"}],"about":[{"href":"http:\/\/abcd.abuledu.org\/herve-le-carre\/wp-json\/wp\/v2\/types\/page"}],"author":[{"embeddable":true,"href":"http:\/\/abcd.abuledu.org\/herve-le-carre\/wp-json\/wp\/v2\/users\/1"}],"replies":[{"embeddable":true,"href":"http:\/\/abcd.abuledu.org\/herve-le-carre\/wp-json\/wp\/v2\/comments?post=27"}],"version-history":[{"count":14,"href":"http:\/\/abcd.abuledu.org\/herve-le-carre\/wp-json\/wp\/v2\/pages\/27\/revisions"}],"predecessor-version":[{"id":280,"href":"http:\/\/abcd.abuledu.org\/herve-le-carre\/wp-json\/wp\/v2\/pages\/27\/revisions\/280"}],"wp:featuredmedia":[{"embeddable":true,"href":"http:\/\/abcd.abuledu.org\/herve-le-carre\/wp-json\/wp\/v2\/media\/151"}],"wp:attachment":[{"href":"http:\/\/abcd.abuledu.org\/herve-le-carre\/wp-json\/wp\/v2\/media?parent=27"}],"wp:term":[{"taxonomy":"category","embeddable":true,"href":"http:\/\/abcd.abuledu.org\/herve-le-carre\/wp-json\/wp\/v2\/categories?post=27"}],"curies":[{"name":"wp","href":"https:\/\/api.w.org\/{rel}","templated":true}]}}