{"id":80,"date":"2015-08-22T08:18:31","date_gmt":"2015-08-22T07:18:31","guid":{"rendered":"http:\/\/abcd.abuledu.org\/herve-le-carre\/?page_id=80"},"modified":"2015-08-25T16:45:17","modified_gmt":"2015-08-25T15:45:17","slug":"80-2","status":"publish","type":"page","link":"http:\/\/abcd.abuledu.org\/herve-le-carre\/80-2\/","title":{"rendered":"Les histoires de RUDY"},"content":{"rendered":"<p>Sur le site de l&rsquo;auteur : <strong><a href=\"http:\/\/odysseuslibre.be\/mondelibre\/les-aventures-de-rudy\/\" target=\"_blank\">Les aventures de Rudy<\/a><\/strong><\/p>\n<div id=\"attachment_205\" style=\"width: 600px\" class=\"wp-caption aligncenter\"><a href=\"http:\/\/odysseuslibre.be\/mondelibre\/les-aventures-de-rudy\/\" target=\"_blank\"><img aria-describedby=\"caption-attachment-205\" loading=\"lazy\" class=\"wp-image-205\" src=\"http:\/\/abcd.abuledu.org\/herve-le-carre\/wp-content\/uploads\/sites\/5\/2015\/08\/rudypeintre.png\" alt=\"rudypeintre\" width=\"590\" height=\"377\" srcset=\"http:\/\/abcd.abuledu.org\/herve-le-carre\/wp-content\/uploads\/sites\/5\/2015\/08\/rudypeintre.png 1000w, http:\/\/abcd.abuledu.org\/herve-le-carre\/wp-content\/uploads\/sites\/5\/2015\/08\/rudypeintre-300x192.png 300w\" sizes=\"(max-width: 590px) 100vw, 590px\" \/><\/a><p id=\"caption-attachment-205\" class=\"wp-caption-text\">D\u00e9couvrez les aventures de Rudy<\/p><\/div>\n<p>Sur Abul\u00e9du-data : <strong><a href=\"http:\/\/data.abuledu.org\/wp\/?categ=&amp;terms=Rudy\" target=\"_blank\">T\u00c9L\u00c9CHARGEZ LE DESSIN DE VOTRE CHOIX EN CLIQUANT ICI<\/a><\/strong><\/p>\n","protected":false},"excerpt":{"rendered":"<p>Sur le site de l&rsquo;auteur : Les aventures de Rudy Sur Abul\u00e9du-data : T\u00c9L\u00c9CHARGEZ LE DESSIN DE VOTRE CHOIX EN CLIQUANT ICI<\/p>\n","protected":false},"author":9,"featured_media":149,"parent":0,"menu_order":6,"comment_status":"open","ping_status":"closed","template":"","meta":[],"categories":[],"_links":{"self":[{"href":"http:\/\/abcd.abuledu.org\/herve-le-carre\/wp-json\/wp\/v2\/pages\/80"}],"collection":[{"href":"http:\/\/abcd.abuledu.org\/herve-le-carre\/wp-json\/wp\/v2\/pages"}],"about":[{"href":"http:\/\/abcd.abuledu.org\/herve-le-carre\/wp-json\/wp\/v2\/types\/page"}],"author":[{"embeddable":true,"href":"http:\/\/abcd.abuledu.org\/herve-le-carre\/wp-json\/wp\/v2\/users\/9"}],"replies":[{"embeddable":true,"href":"http:\/\/abcd.abuledu.org\/herve-le-carre\/wp-json\/wp\/v2\/comments?post=80"}],"version-history":[{"count":10,"href":"http:\/\/abcd.abuledu.org\/herve-le-carre\/wp-json\/wp\/v2\/pages\/80\/revisions"}],"predecessor-version":[{"id":216,"href":"http:\/\/abcd.abuledu.org\/herve-le-carre\/wp-json\/wp\/v2\/pages\/80\/revisions\/216"}],"wp:featuredmedia":[{"embeddable":true,"href":"http:\/\/abcd.abuledu.org\/herve-le-carre\/wp-json\/wp\/v2\/media\/149"}],"wp:attachment":[{"href":"http:\/\/abcd.abuledu.org\/herve-le-carre\/wp-json\/wp\/v2\/media?parent=80"}],"wp:term":[{"taxonomy":"category","embeddable":true,"href":"http:\/\/abcd.abuledu.org\/herve-le-carre\/wp-json\/wp\/v2\/categories?post=80"}],"curies":[{"name":"wp","href":"https:\/\/api.w.org\/{rel}","templated":true}]}}

<p>Sur le site de l&rsquo;auteur : <strong><a href="http://odysseuslibre.be/mondelibre/les-aventures-de-rudy/" target="_blank">Les aventures de Rudy</a></strong></p>
<div id="attachment_205" style="width: 600px" class="wp-caption aligncenter"><a href="http://odysseuslibre.be/mondelibre/les-aventures-de-rudy/" target="_blank"><img aria-describedby="caption-attachment-205" loading="lazy" class="wp-image-205" src="http://abcd.abuledu.org/herve-le-carre/wp-content/uploads/sites/5/2015/08/rudypeintre.png" alt="rudypeintre" width="590" height="377" srcset="http://abcd.abuledu.org/herve-le-carre/wp-content/uploads/sites/5/2015/08/rudypeintre.png 1000w, http://abcd.abuledu.org/herve-le-carre/wp-content/uploads/sites/5/2015/08/rudypeintre-300x192.png 300w" sizes="(max-width: 590px) 100vw, 590px" /></a><p id="caption-attachment-205" class="wp-caption-text">Découvrez les aventures de Rudy</p></div>
<p>Sur Abulédu-data : <strong><a href="http://data.abuledu.org/wp/?categ=&amp;terms=Rudy" target="_blank">TÉLÉCHARGEZ LE DESSIN DE VOTRE CHOIX EN CLIQUANT ICI</a></strong></p>

<p>Sur le site de l&rsquo;auteur : Les aventures de Rudy Sur Abulédu-data : TÉLÉCHARGEZ LE DESSIN DE VOTRE CHOIX EN CLIQUANT ICI</p>
