{"id":2,"date":"2016-09-26T14:34:22","date_gmt":"2016-09-26T12:34:22","guid":{"rendered":"http:\/\/abcd.abuledu.org\/les-histoires-de-luna\/?page_id=2"},"modified":"2017-10-26T06:43:27","modified_gmt":"2017-10-26T04:43:27","slug":"luna-fait-sa-toilette","status":"publish","type":"page","link":"http:\/\/abcd.abuledu.org\/les-histoires-de-luna\/luna-fait-sa-toilette\/","title":{"rendered":"Luna fait sa toilette"},"content":{"rendered":"<p>Luna, comme tous les petits \u00e9coliers, passe beaucoup de temps en r\u00e9cr\u00e9ation, et ne comprend pas pourquoi il faut, syst\u00e9matiquement, raccourcir ces moments de plaisir pour aller se laver les mains avant d&rsquo;entrer en classe. Ces BD ont \u00e9t\u00e9 cr\u00e9\u00e9es pour redonner du sens aux corv\u00e9es quotidiennes de l&rsquo;hygi\u00e8ne corporelle.<img loading=\"lazy\" class=\"aligncenter size-full wp-image-37\" src=\"http:\/\/abcd.abuledu.org\/les-histoires-de-luna\/wp-content\/uploads\/sites\/14\/2016\/09\/cycle1.jpg\" alt=\"\" width=\"709\" height=\"709\" srcset=\"http:\/\/abcd.abuledu.org\/les-histoires-de-luna\/wp-content\/uploads\/sites\/14\/2016\/09\/cycle1.jpg 709w, http:\/\/abcd.abuledu.org\/les-histoires-de-luna\/wp-content\/uploads\/sites\/14\/2016\/09\/cycle1-150x150.jpg 150w, http:\/\/abcd.abuledu.org\/les-histoires-de-luna\/wp-content\/uploads\/sites\/14\/2016\/09\/cycle1-300x300.jpg 300w\" sizes=\"(max-width: 709px) 85vw, 709px\" \/><\/p>\n","protected":false},"excerpt":{"rendered":"<p>Luna, comme tous les petits \u00e9coliers, passe beaucoup de temps en r\u00e9cr\u00e9ation, et ne comprend pas pourquoi il faut, syst\u00e9matiquement, raccourcir ces moments de plaisir pour aller se laver les mains avant d&rsquo;entrer en classe. Ces BD ont \u00e9t\u00e9 cr\u00e9\u00e9es pour redonner du sens aux corv\u00e9es quotidiennes de l&rsquo;hygi\u00e8ne corporelle.<\/p>\n","protected":false},"author":9,"featured_media":0,"parent":0,"menu_order":0,"comment_status":"closed","ping_status":"open","template":"","meta":[],"categories":[],"_links":{"self":[{"href":"http:\/\/abcd.abuledu.org\/les-histoires-de-luna\/wp-json\/wp\/v2\/pages\/2"}],"collection":[{"href":"http:\/\/abcd.abuledu.org\/les-histoires-de-luna\/wp-json\/wp\/v2\/pages"}],"about":[{"href":"http:\/\/abcd.abuledu.org\/les-histoires-de-luna\/wp-json\/wp\/v2\/types\/page"}],"author":[{"embeddable":true,"href":"http:\/\/abcd.abuledu.org\/les-histoires-de-luna\/wp-json\/wp\/v2\/users\/9"}],"replies":[{"embeddable":true,"href":"http:\/\/abcd.abuledu.org\/les-histoires-de-luna\/wp-json\/wp\/v2\/comments?post=2"}],"version-history":[{"count":4,"href":"http:\/\/abcd.abuledu.org\/les-histoires-de-luna\/wp-json\/wp\/v2\/pages\/2\/revisions"}],"predecessor-version":[{"id":78,"href":"http:\/\/abcd.abuledu.org\/les-histoires-de-luna\/wp-json\/wp\/v2\/pages\/2\/revisions\/78"}],"wp:attachment":[{"href":"http:\/\/abcd.abuledu.org\/les-histoires-de-luna\/wp-json\/wp\/v2\/media?parent=2"}],"wp:term":[{"taxonomy":"category","embeddable":true,"href":"http:\/\/abcd.abuledu.org\/les-histoires-de-luna\/wp-json\/wp\/v2\/categories?post=2"}],"curies":[{"name":"wp","href":"https:\/\/api.w.org\/{rel}","templated":true}]}}