{"id":22,"date":"2016-09-26T16:03:23","date_gmt":"2016-09-26T14:03:23","guid":{"rendered":"http:\/\/abcd.abuledu.org\/les-histoires-de-luna\/?page_id=22"},"modified":"2017-11-09T17:28:28","modified_gmt":"2017-11-09T16:28:28","slug":"ressources","status":"publish","type":"page","link":"http:\/\/abcd.abuledu.org\/les-histoires-de-luna\/ressources\/","title":{"rendered":"Ressources compl\u00e9mentaires"},"content":{"rendered":"<p>Arnaud P\u00e9rat offre aux utilisateurs des logiciels abul\u00e9du et de la base de REL <a href=\"http:\/\/data.abuledu.org\/wp\/?categ=&amp;terms=maternelle\">data-abul\u00e9du<\/a> une s\u00e9rie de mini-BD sur l&rsquo;hygi\u00e8ne, pour les enfants de maternelle. Gageons que les plus grands n&rsquo;oublieront pas la le\u00e7on.<\/p>\n<p>Vos contributions nous permettront de prolonger les deux s\u00e9ries publi\u00e9es fin 2016. Merci d&rsquo;avance.<\/p>\n<ul>\n<li><a href=\"http:\/\/data.abuledu.org\/wp\/?categ=&amp;terms=Luna+mains\">Luna se lave les mains.<\/a><\/li>\n<li><a href=\"http:\/\/data.abuledu.org\/wp\/?categ=&amp;terms=Luna+dents\">Luna se brosse les dents<\/a>.<\/li>\n<\/ul>\n<h4><span style=\"color: #800080\">TROIS RACONTE-MOI LUNA&#8230;<\/span><\/h4>\n<ul>\n<li><a href=\"http:\/\/abuledu-fr.org\/luna-entre-dans-notre-classe\/\"><strong><span style=\"color: #008000\">Dans la classe de CP de Marie Sartori<\/span><\/strong><\/a> : <a href=\"http:\/\/raconte-moi.abuledu.org\/w\/9950-luna-se-lave-les-mains-4\">Luna a les mains propres,<\/a><\/li>\n<li><a href=\"http:\/\/raconte-moi.abuledu.org\/w\/9996-luna-se-brosse-les-dents\">Luna se brosse les dents<\/a><\/li>\n<li><a href=\"http:\/\/raconte-moi.abuledu.org\/w\/9902-luna-se-lave-les-mains\">Luna se lave les mains<\/a>.<\/li>\n<\/ul>\n<h4><span style=\"color: #993366\">MODULES DES LOGICIELS<\/span><\/h4>\n<ul>\n<li>Images s\u00e9quentielles<\/li>\n<\/ul>\n<p><img loading=\"lazy\" class=\"aligncenter size-full wp-image-88\" src=\"http:\/\/abcd.abuledu.org\/les-histoires-de-luna\/wp-content\/uploads\/sites\/14\/2016\/09\/imajSeq-Luna-dents.jpg\" alt=\"\" width=\"680\" height=\"444\" srcset=\"http:\/\/abcd.abuledu.org\/les-histoires-de-luna\/wp-content\/uploads\/sites\/14\/2016\/09\/imajSeq-Luna-dents.jpg 680w, http:\/\/abcd.abuledu.org\/les-histoires-de-luna\/wp-content\/uploads\/sites\/14\/2016\/09\/imajSeq-Luna-dents-300x196.jpg 300w\" sizes=\"(max-width: 680px) 85vw, 680px\" \/><\/p>\n","protected":false},"excerpt":{"rendered":"<p>Arnaud P\u00e9rat offre aux utilisateurs des logiciels abul\u00e9du et de la base de REL data-abul\u00e9du une s\u00e9rie de mini-BD sur l&rsquo;hygi\u00e8ne, pour les enfants de maternelle. Gageons que les plus grands n&rsquo;oublieront pas la le\u00e7on. Vos contributions nous permettront de prolonger les deux s\u00e9ries publi\u00e9es fin 2016. Merci d&rsquo;avance. Luna se lave les mains. Luna &hellip; <a href=\"http:\/\/abcd.abuledu.org\/les-histoires-de-luna\/ressources\/\" class=\"more-link\">Continuer la lecture<span class=\"screen-reader-text\"> de &laquo;&nbsp;Ressources compl\u00e9mentaires&nbsp;&raquo;<\/span><\/a><\/p>\n","protected":false},"author":2,"featured_media":0,"parent":0,"menu_order":0,"comment_status":"closed","ping_status":"closed","template":"","meta":[],"categories":[7,6,3,5,4],"_links":{"self":[{"href":"http:\/\/abcd.abuledu.org\/les-histoires-de-luna\/wp-json\/wp\/v2\/pages\/22"}],"collection":[{"href":"http:\/\/abcd.abuledu.org\/les-histoires-de-luna\/wp-json\/wp\/v2\/pages"}],"about":[{"href":"http:\/\/abcd.abuledu.org\/les-histoires-de-luna\/wp-json\/wp\/v2\/types\/page"}],"author":[{"embeddable":true,"href":"http:\/\/abcd.abuledu.org\/les-histoires-de-luna\/wp-json\/wp\/v2\/users\/2"}],"replies":[{"embeddable":true,"href":"http:\/\/abcd.abuledu.org\/les-histoires-de-luna\/wp-json\/wp\/v2\/comments?post=22"}],"version-history":[{"count":9,"href":"http:\/\/abcd.abuledu.org\/les-histoires-de-luna\/wp-json\/wp\/v2\/pages\/22\/revisions"}],"predecessor-version":[{"id":89,"href":"http:\/\/abcd.abuledu.org\/les-histoires-de-luna\/wp-json\/wp\/v2\/pages\/22\/revisions\/89"}],"wp:attachment":[{"href":"http:\/\/abcd.abuledu.org\/les-histoires-de-luna\/wp-json\/wp\/v2\/media?parent=22"}],"wp:term":[{"taxonomy":"category","embeddable":true,"href":"http:\/\/abcd.abuledu.org\/les-histoires-de-luna\/wp-json\/wp\/v2\/categories?post=22"}],"curies":[{"name":"wp","href":"https:\/\/api.w.org\/{rel}","templated":true}]}}