{"id":24,"date":"2016-09-26T16:03:54","date_gmt":"2016-09-26T14:03:54","guid":{"rendered":"http:\/\/abcd.abuledu.org\/les-histoires-de-luna\/?page_id=24"},"modified":"2017-10-26T06:24:27","modified_gmt":"2017-10-26T04:24:27","slug":"a-propos","status":"publish","type":"page","link":"http:\/\/abcd.abuledu.org\/les-histoires-de-luna\/a-propos\/","title":{"rendered":"\u00c0 propos"},"content":{"rendered":"<p>&nbsp;<\/p>\n<p>Luna est la petite s\u0153ur d&rsquo;Asma, la coll\u00e9gienne qui guide depuis plusieurs ann\u00e9es &#8212; avec ses deux copains William et Suzumi &#8212; les explorateurs des <a href=\"http:\/\/www.abuledu.org\/logiciels-pedagogiques-cycle1-cycle2-cycle3-abuledu\/\">logiciels d&rsquo;Abul\u00c9du<\/a>, gr\u00e2ce au talent d&rsquo;Arnaud P\u00e9rat.<\/p>\n<figure id=\"attachment_76\" aria-describedby=\"caption-attachment-76\" style=\"width: 1000px\" class=\"wp-caption aligncenter\"><img loading=\"lazy\" class=\"size-full wp-image-76\" src=\"http:\/\/abcd.abuledu.org\/les-histoires-de-luna\/wp-content\/uploads\/sites\/14\/2016\/09\/arnaud-mascottes.jpg\" alt=\"\" width=\"1000\" height=\"707\" srcset=\"http:\/\/abcd.abuledu.org\/les-histoires-de-luna\/wp-content\/uploads\/sites\/14\/2016\/09\/arnaud-mascottes.jpg 1000w, http:\/\/abcd.abuledu.org\/les-histoires-de-luna\/wp-content\/uploads\/sites\/14\/2016\/09\/arnaud-mascottes-300x212.jpg 300w, http:\/\/abcd.abuledu.org\/les-histoires-de-luna\/wp-content\/uploads\/sites\/14\/2016\/09\/arnaud-mascottes-768x543.jpg 768w\" sizes=\"(max-width: 709px) 85vw, (max-width: 909px) 67vw, (max-width: 1362px) 62vw, 840px\" \/><figcaption id=\"caption-attachment-76\" class=\"wp-caption-text\">Les trois \u00ab\u00a0grands\u00a0\u00bb : Asma la litt\u00e9raire, Suzumi la scientifique et William le matheux.<\/figcaption><\/figure>\n<p>&nbsp;<\/p>\n","protected":false},"excerpt":{"rendered":"<p>&nbsp; Luna est la petite s\u0153ur d&rsquo;Asma, la coll\u00e9gienne qui guide depuis plusieurs ann\u00e9es &#8212; avec ses deux copains William et Suzumi &#8212; les explorateurs des logiciels d&rsquo;Abul\u00c9du, gr\u00e2ce au talent d&rsquo;Arnaud P\u00e9rat. &nbsp;<\/p>\n","protected":false},"author":2,"featured_media":0,"parent":0,"menu_order":0,"comment_status":"closed","ping_status":"closed","template":"","meta":[],"categories":[],"_links":{"self":[{"href":"http:\/\/abcd.abuledu.org\/les-histoires-de-luna\/wp-json\/wp\/v2\/pages\/24"}],"collection":[{"href":"http:\/\/abcd.abuledu.org\/les-histoires-de-luna\/wp-json\/wp\/v2\/pages"}],"about":[{"href":"http:\/\/abcd.abuledu.org\/les-histoires-de-luna\/wp-json\/wp\/v2\/types\/page"}],"author":[{"embeddable":true,"href":"http:\/\/abcd.abuledu.org\/les-histoires-de-luna\/wp-json\/wp\/v2\/users\/2"}],"replies":[{"embeddable":true,"href":"http:\/\/abcd.abuledu.org\/les-histoires-de-luna\/wp-json\/wp\/v2\/comments?post=24"}],"version-history":[{"count":6,"href":"http:\/\/abcd.abuledu.org\/les-histoires-de-luna\/wp-json\/wp\/v2\/pages\/24\/revisions"}],"predecessor-version":[{"id":77,"href":"http:\/\/abcd.abuledu.org\/les-histoires-de-luna\/wp-json\/wp\/v2\/pages\/24\/revisions\/77"}],"wp:attachment":[{"href":"http:\/\/abcd.abuledu.org\/les-histoires-de-luna\/wp-json\/wp\/v2\/media?parent=24"}],"wp:term":[{"taxonomy":"category","embeddable":true,"href":"http:\/\/abcd.abuledu.org\/les-histoires-de-luna\/wp-json\/wp\/v2\/categories?post=24"}],"curies":[{"name":"wp","href":"https:\/\/api.w.org\/{rel}","templated":true}]}}