{"id":8,"date":"2016-09-26T15:57:29","date_gmt":"2016-09-26T13:57:29","guid":{"rendered":"http:\/\/abcd.abuledu.org\/les-histoires-de-luna\/?page_id=8"},"modified":"2017-10-26T07:02:38","modified_gmt":"2017-10-26T05:02:38","slug":"luna-brosse-ses-dents","status":"publish","type":"page","link":"http:\/\/abcd.abuledu.org\/les-histoires-de-luna\/luna-fait-sa-toilette\/luna-brosse-ses-dents\/","title":{"rendered":"Luna brosse ses dents"},"content":{"rendered":"<p>Luna a beaucoup de chance parce que dans sa classe, chaque \u00e9l\u00e8ve a un verre-\u00e0-dents et sa brosse \u00e0 dents.<\/p>\n<p>Alors, apr\u00e8s la cantine :<\/p>\n<ul>\n<li style=\"text-align: center\"><a href=\"http:\/\/data.abuledu.org\/wp\/?LOM=30248\">elle pr\u00e9pare le dentifrice<\/a>,<\/li>\n<li style=\"text-align: center\"><a href=\"http:\/\/data.abuledu.org\/wp\/?LOM=30251\">elle brosse, devant, derri\u00e8re, sur les c\u00f4t\u00e9s<\/a>,<\/li>\n<li style=\"text-align: center\"><a href=\"http:\/\/data.abuledu.org\/wp\/?LOM=30253\">et se rince bien la bouche<\/a>.<\/li>\n<\/ul>\n<figure id=\"attachment_82\" aria-describedby=\"caption-attachment-82\" style=\"width: 774px\" class=\"wp-caption aligncenter\"><img loading=\"lazy\" class=\"size-large wp-image-82\" src=\"http:\/\/abcd.abuledu.org\/les-histoires-de-luna\/wp-content\/uploads\/sites\/14\/2016\/09\/luna-a-les-dents-propres-5836c82f-774x1024.jpg\" alt=\"\" width=\"774\" height=\"1024\" srcset=\"http:\/\/abcd.abuledu.org\/les-histoires-de-luna\/wp-content\/uploads\/sites\/14\/2016\/09\/luna-a-les-dents-propres-5836c82f-774x1024.jpg 774w, http:\/\/abcd.abuledu.org\/les-histoires-de-luna\/wp-content\/uploads\/sites\/14\/2016\/09\/luna-a-les-dents-propres-5836c82f-227x300.jpg 227w, http:\/\/abcd.abuledu.org\/les-histoires-de-luna\/wp-content\/uploads\/sites\/14\/2016\/09\/luna-a-les-dents-propres-5836c82f-768x1016.jpg 768w, http:\/\/abcd.abuledu.org\/les-histoires-de-luna\/wp-content\/uploads\/sites\/14\/2016\/09\/luna-a-les-dents-propres-5836c82f-1200x1587.jpg 1200w, http:\/\/abcd.abuledu.org\/les-histoires-de-luna\/wp-content\/uploads\/sites\/14\/2016\/09\/luna-a-les-dents-propres-5836c82f.jpg 1890w\" sizes=\"(max-width: 774px) 85vw, 774px\" \/><figcaption id=\"caption-attachment-82\" class=\"wp-caption-text\">Luna a les dents propres et qui sentent bon !<\/figcaption><\/figure>\n<p>\u00c0 la maison, Luna se brosse les dents avant de partir \u00e0 l&rsquo;\u00e9cole et avant de se coucher, naturellement et les jours o\u00f9 il n&rsquo;y a pas classe, trois fois par jour, apr\u00e8s le petit d\u00e9jeuner, apr\u00e8s le repas, et avant de se coucher.<\/p>\n<figure id=\"attachment_83\" aria-describedby=\"caption-attachment-83\" style=\"width: 840px\" class=\"wp-caption aligncenter\"><img loading=\"lazy\" class=\"size-large wp-image-83\" src=\"http:\/\/abcd.abuledu.org\/les-histoires-de-luna\/wp-content\/uploads\/sites\/14\/2016\/09\/trois-moments-de-la-journee-5836c492-1024x607.jpg\" alt=\"\" width=\"840\" height=\"498\" srcset=\"http:\/\/abcd.abuledu.org\/les-histoires-de-luna\/wp-content\/uploads\/sites\/14\/2016\/09\/trois-moments-de-la-journee-5836c492-1024x607.jpg 1024w, http:\/\/abcd.abuledu.org\/les-histoires-de-luna\/wp-content\/uploads\/sites\/14\/2016\/09\/trois-moments-de-la-journee-5836c492-300x178.jpg 300w, http:\/\/abcd.abuledu.org\/les-histoires-de-luna\/wp-content\/uploads\/sites\/14\/2016\/09\/trois-moments-de-la-journee-5836c492-768x456.jpg 768w, http:\/\/abcd.abuledu.org\/les-histoires-de-luna\/wp-content\/uploads\/sites\/14\/2016\/09\/trois-moments-de-la-journee-5836c492-1200x712.jpg 1200w\" sizes=\"(max-width: 709px) 85vw, (max-width: 909px) 67vw, (max-width: 1362px) 62vw, 840px\" \/><figcaption id=\"caption-attachment-83\" class=\"wp-caption-text\">Trois moments de la journ\u00e9e importants.<\/figcaption><\/figure>\n","protected":false},"excerpt":{"rendered":"<p>Luna a beaucoup de chance parce que dans sa classe, chaque \u00e9l\u00e8ve a un verre-\u00e0-dents et sa brosse \u00e0 dents. Alors, apr\u00e8s la cantine : elle pr\u00e9pare le dentifrice, elle brosse, devant, derri\u00e8re, sur les c\u00f4t\u00e9s, et se rince bien la bouche. \u00c0 la maison, Luna se brosse les dents avant de partir \u00e0 l&rsquo;\u00e9cole &hellip; <a href=\"http:\/\/abcd.abuledu.org\/les-histoires-de-luna\/luna-fait-sa-toilette\/luna-brosse-ses-dents\/\" class=\"more-link\">Continuer la lecture<span class=\"screen-reader-text\"> de &laquo;&nbsp;Luna brosse ses dents&nbsp;&raquo;<\/span><\/a><\/p>\n","protected":false},"author":2,"featured_media":0,"parent":2,"menu_order":0,"comment_status":"closed","ping_status":"closed","template":"","meta":[],"categories":[],"_links":{"self":[{"href":"http:\/\/abcd.abuledu.org\/les-histoires-de-luna\/wp-json\/wp\/v2\/pages\/8"}],"collection":[{"href":"http:\/\/abcd.abuledu.org\/les-histoires-de-luna\/wp-json\/wp\/v2\/pages"}],"about":[{"href":"http:\/\/abcd.abuledu.org\/les-histoires-de-luna\/wp-json\/wp\/v2\/types\/page"}],"author":[{"embeddable":true,"href":"http:\/\/abcd.abuledu.org\/les-histoires-de-luna\/wp-json\/wp\/v2\/users\/2"}],"replies":[{"embeddable":true,"href":"http:\/\/abcd.abuledu.org\/les-histoires-de-luna\/wp-json\/wp\/v2\/comments?post=8"}],"version-history":[{"count":4,"href":"http:\/\/abcd.abuledu.org\/les-histoires-de-luna\/wp-json\/wp\/v2\/pages\/8\/revisions"}],"predecessor-version":[{"id":84,"href":"http:\/\/abcd.abuledu.org\/les-histoires-de-luna\/wp-json\/wp\/v2\/pages\/8\/revisions\/84"}],"up":[{"embeddable":true,"href":"http:\/\/abcd.abuledu.org\/les-histoires-de-luna\/wp-json\/wp\/v2\/pages\/2"}],"wp:attachment":[{"href":"http:\/\/abcd.abuledu.org\/les-histoires-de-luna\/wp-json\/wp\/v2\/media?parent=8"}],"wp:term":[{"taxonomy":"category","embeddable":true,"href":"http:\/\/abcd.abuledu.org\/les-histoires-de-luna\/wp-json\/wp\/v2\/categories?post=8"}],"curies":[{"name":"wp","href":"https:\/\/api.w.org\/{rel}","templated":true}]}}