{"id":1,"date":"2015-04-25T23:25:28","date_gmt":"2015-04-25T22:25:28","guid":{"rendered":"http:\/\/abcd.abuledu.org\/les-reves-de-cyril\/?p=1"},"modified":"2015-08-22T00:02:57","modified_gmt":"2015-08-21T23:02:57","slug":"bonjour-tout-le-monde","status":"publish","type":"page","link":"http:\/\/abcd.abuledu.org\/les-reves-de-cyril\/","title":{"rendered":"Bienvenue dans le petit monde des personnages cr\u00e9\u00e9s par Cyri-L"},"content":{"rendered":"<p>Depuis deux ans une jeune femme passionn\u00e9e de manga met son talent au service du projet Abul\u00c9du, pour le doter de ressources graphiques qui parlent aux jeunes.<\/p>\n<p>Voil\u00e0 comment tout a commenc\u00e9 : nous avons tous crois\u00e9 un jour Lo\u00efc l&rsquo;\u00e9colier, Coralie l&rsquo;inventive ou Cyrille le r\u00eaveur, n&rsquo;est-ce pas ?<\/p>\n<p>Les premiers personnages, <strong>simples silhouettes inspir\u00e9es par Benjamin Rabier<\/strong>, ont pris vie sous le double signe des tablettes graphiques, l&rsquo;outil de l&rsquo;artiste, et du projet d\u2019images s\u00e9quentielles, le logiciel-phare de l&rsquo;ann\u00e9e, gourmand en s\u00e9ries de six ou sept images libres.<\/p>\n<p>Et puis, \u00e0 la rentr\u00e9e 2013, ils se sont \u00e9toff\u00e9s ; <strong>chaque h\u00e9ros s&rsquo;est dot\u00e9 d&rsquo;un pr\u00e9nom<\/strong> ; chaque \u00ab\u00a0petite\u00a0\u00bb histoire, toujours en six images, a pris assez d&rsquo;importance pour alimenter des raconte-moi de plus en plus longs, \u00e9crits et dits par la dessinatrice.<\/p>\n<p>L&rsquo;artiste ne s&rsquo;est pas content\u00e9e d&rsquo;alimenter en images num\u00e9riques libres (version couleur et noir&amp;blanc) notre base de donn\u00e9es d&rsquo;histoires illustr\u00e9es pour les enfants sur <strong><a href=\"http:\/\/data.abuledu.org\/wp\/?categ=&amp;terms=histoires+pour+enfants\" target=\"_blank\">abul\u00e9du-data<\/a><\/strong> ; elle a pris au vol notre id\u00e9e de <strong>ressources compl\u00e9mentaires, num\u00e9riques et\/ou papier<\/strong>, ce que nous appelons <strong><a href=\"http:\/\/abcd.abuledu.org\/sylvanus-aquitaine\/la-fabrique\/\" target=\"_blank\">la fabrique<\/a><\/strong>.<\/p>\n<p><strong>&#8211; Images et textes en t\u00e9l\u00e9chargement sur la biblioth\u00e8que de ressources \u00e9ducatives libres d&rsquo;abul\u00e9du : <\/strong><strong><a href=\"http:\/\/data.abuledu.org\/wp\/?categ=&amp;terms=cyri-L\" target=\"_blank\">REL sur abul\u00e9du-data<\/a><\/strong><\/p>\n<h2 style=\"text-align: center\"><strong>SUR LES PAS DE LO\u00cfC, CORALIE ET CYRIL<br \/>\n<\/strong><\/h2>\n<p>&#8211; <strong>Qui sont-ils ?<\/strong> <a href=\"http:\/\/raconte-moi.abuledu.org\/w\/tag\/cyri-l\" target=\"_blank\"><em>Trois Raconte-moi<\/em> : tag \u00ab\u00a0cyri-l\u00a0\u00bb<\/a><\/p>\n<p>&#8211; <strong>Graphisme<\/strong> : quelques outils num\u00e9riques libres pour faire\u00a0 revivre ces personnages \u00e0 votre fa\u00e7on<\/p>\n<ul>\n<li>tuxpaint avec les avatars,<\/li>\n<li>scribus pour l\u00e9gender des mini-livres,<\/li>\n<li>LibreOfficeDessin pour recr\u00e9er des histoires illustr\u00e9es,<\/li>\n<li>Mr Patate pour reconstituer des personnages imaginaires,<\/li>\n<li>Blender pour r\u00e9aliser des selfies.<\/li>\n<\/ul>\n<p>&#8211; <strong>La fabrique<\/strong> : quelques pistes num\u00e9riques et papier pour des activit\u00e9s ludiques<\/p>\n<ul>\n<li>patrons en papertoys \u00e0 imprimer permettant de b\u00e2tir de v\u00e9ritables sc\u00e8nes de th\u00e9\u00e2tre avec une <strong>version num\u00e9rique en stop motion,<\/strong><\/li>\n<li>coloriages papier ou num\u00e9riques,<\/li>\n<li>jeu des diff\u00e9rences,<\/li>\n<li>bulles \u00e0 compl\u00e9ter \u00e0 l&rsquo;\u00e9cran ou sur papier, etc&#8230;<\/li>\n<\/ul>\n<h2 style=\"text-align: center\"><strong>\u00ab\u00a0LA\u00a0\u00bb SAVANE ET SES ANIMAUX<\/strong><\/h2>\n<p>&#8211;<strong> <a href=\"http:\/\/data.abuledu.org\/wp\/?categ=&amp;terms=papertoys+savane\" target=\"_blank\">La savane<\/a><\/strong> :<\/p>\n<ul>\n<li>dix patrons d&rsquo;animaux \u00e0 imprimer, d\u00e9couper, plier et coller : sur abul\u00e9du-data, mot-cl\u00e9 \u00ab\u00a0papertoys savane\u00a0\u00bb ;<\/li>\n<li>trois paysages stylis\u00e9s pouvant servir de d\u00e9cor \u00e0 des cr\u00e9ations de sc\u00e9nette, en kamishibai ou en stop motion par exemple.<\/li>\n<\/ul>\n<h2 style=\"text-align: center\"><strong>EN CLASSE<\/strong><\/h2>\n<p>&#8211; <strong>Modules pour applicatifs<\/strong> <strong>libres de la suite Abul\u00c9du : <a href=\"http:\/\/www.ryxeo.com\/la-suite-logicielle-abuledu\/\" target=\"_blank\">boutique RyX\u00e9o<\/a><\/strong><\/p>\n<ul>\n<li>Images S\u00e9quentielles,<\/li>\n<li>Mini-texte,<\/li>\n<li>Mulot,<\/li>\n<li>Aller&#8230;<\/li>\n<\/ul>\n<p>&#8211; <strong><a href=\"http:\/\/abuledu-fr.org\/les-petites-histoires-de-cyri_l\/\" target=\"_blank\">L&rsquo;auteure<\/a><\/strong><\/p>\n","protected":false},"excerpt":{"rendered":"<p>Depuis deux ans une jeune femme passionn\u00e9e de manga met son talent au service du projet Abul\u00c9du, pour le doter de ressources graphiques qui parlent aux jeunes. Voil\u00e0 comment tout a commenc\u00e9 : nous avons tous crois\u00e9 un jour Lo\u00efc l&rsquo;\u00e9colier, Coralie l&rsquo;inventive ou Cyrille le r\u00eaveur, n&rsquo;est-ce pas ? Les premiers personnages, simples silhouettes [&hellip;]<\/p>\n","protected":false},"author":9,"featured_media":54,"parent":0,"menu_order":0,"comment_status":"open","ping_status":"open","template":"page-full-width.php","meta":[],"categories":[8,7,3,4,5],"_links":{"self":[{"href":"http:\/\/abcd.abuledu.org\/les-reves-de-cyril\/wp-json\/wp\/v2\/pages\/1"}],"collection":[{"href":"http:\/\/abcd.abuledu.org\/les-reves-de-cyril\/wp-json\/wp\/v2\/pages"}],"about":[{"href":"http:\/\/abcd.abuledu.org\/les-reves-de-cyril\/wp-json\/wp\/v2\/types\/page"}],"author":[{"embeddable":true,"href":"http:\/\/abcd.abuledu.org\/les-reves-de-cyril\/wp-json\/wp\/v2\/users\/9"}],"replies":[{"embeddable":true,"href":"http:\/\/abcd.abuledu.org\/les-reves-de-cyril\/wp-json\/wp\/v2\/comments?post=1"}],"version-history":[{"count":18,"href":"http:\/\/abcd.abuledu.org\/les-reves-de-cyril\/wp-json\/wp\/v2\/pages\/1\/revisions"}],"predecessor-version":[{"id":244,"href":"http:\/\/abcd.abuledu.org\/les-reves-de-cyril\/wp-json\/wp\/v2\/pages\/1\/revisions\/244"}],"wp:featuredmedia":[{"embeddable":true,"href":"http:\/\/abcd.abuledu.org\/les-reves-de-cyril\/wp-json\/wp\/v2\/media\/54"}],"wp:attachment":[{"href":"http:\/\/abcd.abuledu.org\/les-reves-de-cyril\/wp-json\/wp\/v2\/media?parent=1"}],"wp:term":[{"taxonomy":"category","embeddable":true,"href":"http:\/\/abcd.abuledu.org\/les-reves-de-cyril\/wp-json\/wp\/v2\/categories?post=1"}],"curies":[{"name":"wp","href":"https:\/\/api.w.org\/{rel}","templated":true}]}}