{"id":12,"date":"2015-04-25T23:33:38","date_gmt":"2015-04-25T22:33:38","guid":{"rendered":"http:\/\/abcd.abuledu.org\/les-reves-de-cyril\/?page_id=12"},"modified":"2015-08-21T22:59:25","modified_gmt":"2015-08-21T21:59:25","slug":"quatre","status":"publish","type":"page","link":"http:\/\/abcd.abuledu.org\/les-reves-de-cyril\/quatre\/","title":{"rendered":"La savane"},"content":{"rendered":"<h2><strong>SUR LA BIBLIOTH\u00c8QUE EN LIGNE D&rsquo;ABUL\u00c9DU-DATA : MOT-CL\u00c9 \u00ab\u00a0PAPERTOYS SAVANE\u00a0\u00bb<\/strong><\/h2>\n<p>&nbsp;<\/p>\n<p><strong><a href=\"http:\/\/data.abuledu.org\/wp\/?categ=&amp;terms=papertoys+savane\" target=\"_blank\">CLIQUEZ ICI POUR T\u00c9L\u00c9CHARGER TOUTES LES IMAGES : LIEN DIRECT<\/a><\/strong><\/p>\n<p>Voici une s\u00e9rie de patrons d&rsquo;animaux de la savane cr\u00e9\u00e9s pour alimenter un <a href=\"http:\/\/calestampar.org\/spip.php?article1296\" target=\"_blank\">projet d&rsquo;atelier p\u00e9riscolaire<\/a> \u00e0 destination des 8-12 ans.<\/p>\n<p>Ils sont \u00e0 imprimer, d\u00e9couper, plier et coller. Et en route pour l&rsquo;animation.<\/p>\n<p>Ils sont librement t\u00e9l\u00e9chargeables, \u00e0 condition de citer leur auteure et la source naturellement.<\/p>\n<p><a href=\"http:\/\/abcd.abuledu.org\/les-reves-de-cyril\/wp-content\/uploads\/sites\/6\/2015\/04\/papertoys-savane.png\" data-rel=\"lightbox-image-0\" data-rl_title=\"\" data-rl_caption=\"\" title=\"\"><img loading=\"lazy\" class=\"aligncenter wp-image-212 size-full\" src=\"http:\/\/abcd.abuledu.org\/les-reves-de-cyril\/wp-content\/uploads\/sites\/6\/2015\/04\/papertoys-savane.png\" alt=\"papertoys-savane\" width=\"982\" height=\"686\" srcset=\"http:\/\/abcd.abuledu.org\/les-reves-de-cyril\/wp-content\/uploads\/sites\/6\/2015\/04\/papertoys-savane.png 982w, http:\/\/abcd.abuledu.org\/les-reves-de-cyril\/wp-content\/uploads\/sites\/6\/2015\/04\/papertoys-savane-300x210.png 300w\" sizes=\"(max-width: 982px) 100vw, 982px\" \/><\/a><\/p>\n<p>Les d\u00e9cors peuvent \u00e9galement servir de support \u00e0 la cr\u00e9ation d&rsquo;histoires s\u00e9quentielles, \u00e0 l&rsquo;ordinateur ou \u00e0 la tablette.<\/p>\n<p>\u00c0 vous de compl\u00e9ter :<\/p>\n<div id=\"attachment_144\" style=\"width: 1132px\" class=\"wp-caption aligncenter\"><a href=\"http:\/\/abcd.abuledu.org\/les-reves-de-cyril\/wp-content\/uploads\/sites\/6\/2015\/04\/SAVANE_delautrecotedelamontagne1.png\" data-rel=\"lightbox-image-1\" data-rl_title=\"\" data-rl_caption=\"\" title=\"\"><img aria-describedby=\"caption-attachment-144\" loading=\"lazy\" class=\"wp-image-144 size-full\" src=\"http:\/\/abcd.abuledu.org\/les-reves-de-cyril\/wp-content\/uploads\/sites\/6\/2015\/04\/SAVANE_delautrecotedelamontagne1.png\" alt=\"Inventer une histoire, par exemple avec des cliparts libres.\" width=\"1122\" height=\"636\" srcset=\"http:\/\/abcd.abuledu.org\/les-reves-de-cyril\/wp-content\/uploads\/sites\/6\/2015\/04\/SAVANE_delautrecotedelamontagne1.png 1122w, http:\/\/abcd.abuledu.org\/les-reves-de-cyril\/wp-content\/uploads\/sites\/6\/2015\/04\/SAVANE_delautrecotedelamontagne1-300x170.png 300w, http:\/\/abcd.abuledu.org\/les-reves-de-cyril\/wp-content\/uploads\/sites\/6\/2015\/04\/SAVANE_delautrecotedelamontagne1-1024x580.png 1024w\" sizes=\"(max-width: 1122px) 100vw, 1122px\" \/><\/a><p id=\"caption-attachment-144\" class=\"wp-caption-text\">Inventer une histoire, par exemple avec des cliparts libres.<\/p><\/div>\n","protected":false},"excerpt":{"rendered":"<p>SUR LA BIBLIOTH\u00c8QUE EN LIGNE D&rsquo;ABUL\u00c9DU-DATA : MOT-CL\u00c9 \u00ab\u00a0PAPERTOYS SAVANE\u00a0\u00bb &nbsp; CLIQUEZ ICI POUR T\u00c9L\u00c9CHARGER TOUTES LES IMAGES : LIEN DIRECT Voici une s\u00e9rie de patrons d&rsquo;animaux de la savane cr\u00e9\u00e9s pour alimenter un projet d&rsquo;atelier p\u00e9riscolaire \u00e0 destination des 8-12 ans. Ils sont \u00e0 imprimer, d\u00e9couper, plier et coller. Et en route pour l&rsquo;animation. [&hellip;]<\/p>\n","protected":false},"author":1,"featured_media":134,"parent":0,"menu_order":0,"comment_status":"open","ping_status":"open","template":"page-full-width.php","meta":[],"categories":[3,5],"_links":{"self":[{"href":"http:\/\/abcd.abuledu.org\/les-reves-de-cyril\/wp-json\/wp\/v2\/pages\/12"}],"collection":[{"href":"http:\/\/abcd.abuledu.org\/les-reves-de-cyril\/wp-json\/wp\/v2\/pages"}],"about":[{"href":"http:\/\/abcd.abuledu.org\/les-reves-de-cyril\/wp-json\/wp\/v2\/types\/page"}],"author":[{"embeddable":true,"href":"http:\/\/abcd.abuledu.org\/les-reves-de-cyril\/wp-json\/wp\/v2\/users\/1"}],"replies":[{"embeddable":true,"href":"http:\/\/abcd.abuledu.org\/les-reves-de-cyril\/wp-json\/wp\/v2\/comments?post=12"}],"version-history":[{"count":15,"href":"http:\/\/abcd.abuledu.org\/les-reves-de-cyril\/wp-json\/wp\/v2\/pages\/12\/revisions"}],"predecessor-version":[{"id":223,"href":"http:\/\/abcd.abuledu.org\/les-reves-de-cyril\/wp-json\/wp\/v2\/pages\/12\/revisions\/223"}],"wp:featuredmedia":[{"embeddable":true,"href":"http:\/\/abcd.abuledu.org\/les-reves-de-cyril\/wp-json\/wp\/v2\/media\/134"}],"wp:attachment":[{"href":"http:\/\/abcd.abuledu.org\/les-reves-de-cyril\/wp-json\/wp\/v2\/media?parent=12"}],"wp:term":[{"taxonomy":"category","embeddable":true,"href":"http:\/\/abcd.abuledu.org\/les-reves-de-cyril\/wp-json\/wp\/v2\/categories?post=12"}],"curies":[{"name":"wp","href":"https:\/\/api.w.org\/{rel}","templated":true}]}}

<h2><strong>SUR LA BIBLIOTHÈQUE EN LIGNE D&rsquo;ABULÉDU-DATA : MOT-CLÉ « PAPERTOYS SAVANE »</strong></h2>
<p>&nbsp;</p>
<p><strong><a href="http://data.abuledu.org/wp/?categ=&amp;terms=papertoys+savane" target="_blank">CLIQUEZ ICI POUR TÉLÉCHARGER TOUTES LES IMAGES : LIEN DIRECT</a></strong></p>
<p>Voici une série de patrons d&rsquo;animaux de la savane créés pour alimenter un <a href="http://calestampar.org/spip.php?article1296" target="_blank">projet d&rsquo;atelier périscolaire</a> à destination des 8-12 ans.</p>
<p>Ils sont à imprimer, découper, plier et coller. Et en route pour l&rsquo;animation.</p>
<p>Ils sont librement téléchargeables, à condition de citer leur auteure et la source naturellement.</p>
<p><a href="http://abcd.abuledu.org/les-reves-de-cyril/wp-content/uploads/sites/6/2015/04/papertoys-savane.png" data-rel="lightbox-image-0" data-rl_title="" data-rl_caption="" title=""><img loading="lazy" class="aligncenter wp-image-212 size-full" src="http://abcd.abuledu.org/les-reves-de-cyril/wp-content/uploads/sites/6/2015/04/papertoys-savane.png" alt="papertoys-savane" width="982" height="686" srcset="http://abcd.abuledu.org/les-reves-de-cyril/wp-content/uploads/sites/6/2015/04/papertoys-savane.png 982w, http://abcd.abuledu.org/les-reves-de-cyril/wp-content/uploads/sites/6/2015/04/papertoys-savane-300x210.png 300w" sizes="(max-width: 982px) 100vw, 982px" /></a></p>
<p>Les décors peuvent également servir de support à la création d&rsquo;histoires séquentielles, à l&rsquo;ordinateur ou à la tablette.</p>
<p>À vous de compléter :</p>
<div id="attachment_144" style="width: 1132px" class="wp-caption aligncenter"><a href="http://abcd.abuledu.org/les-reves-de-cyril/wp-content/uploads/sites/6/2015/04/SAVANE_delautrecotedelamontagne1.png" data-rel="lightbox-image-1" data-rl_title="" data-rl_caption="" title=""><img aria-describedby="caption-attachment-144" loading="lazy" class="wp-image-144 size-full" src="http://abcd.abuledu.org/les-reves-de-cyril/wp-content/uploads/sites/6/2015/04/SAVANE_delautrecotedelamontagne1.png" alt="Inventer une histoire, par exemple avec des cliparts libres." width="1122" height="636" srcset="http://abcd.abuledu.org/les-reves-de-cyril/wp-content/uploads/sites/6/2015/04/SAVANE_delautrecotedelamontagne1.png 1122w, http://abcd.abuledu.org/les-reves-de-cyril/wp-content/uploads/sites/6/2015/04/SAVANE_delautrecotedelamontagne1-300x170.png 300w, http://abcd.abuledu.org/les-reves-de-cyril/wp-content/uploads/sites/6/2015/04/SAVANE_delautrecotedelamontagne1-1024x580.png 1024w" sizes="(max-width: 1122px) 100vw, 1122px" /></a><p id="caption-attachment-144" class="wp-caption-text">Inventer une histoire, par exemple avec des cliparts libres.</p></div>

<p>SUR LA BIBLIOTHÈQUE EN LIGNE D&rsquo;ABULÉDU-DATA : MOT-CLÉ « PAPERTOYS SAVANE » &nbsp; CLIQUEZ ICI POUR TÉLÉCHARGER TOUTES LES IMAGES : LIEN DIRECT Voici une série de patrons d&rsquo;animaux de la savane créés pour alimenter un projet d&rsquo;atelier périscolaire à destination des 8-12 ans. Ils sont à imprimer, découper, plier et coller. Et en route pour l&rsquo;animation. [&hellip;]</p>
