{"id":14,"date":"2015-04-25T23:33:57","date_gmt":"2015-04-25T22:33:57","guid":{"rendered":"http:\/\/abcd.abuledu.org\/les-reves-de-cyril\/?page_id=14"},"modified":"2015-08-21T23:43:40","modified_gmt":"2015-08-21T22:43:40","slug":"cinq","status":"publish","type":"page","link":"http:\/\/abcd.abuledu.org\/les-reves-de-cyril\/cinq\/","title":{"rendered":"Graphisme"},"content":{"rendered":"<ul>\n<li>\n<h2>avec <a href=\"http:\/\/abuledu-fr.org\/creer-ses-tampons-pour-tuxpaint\/\" target=\"_blank\">Tux Paint<\/a><\/h2>\n<\/li>\n<\/ul>\n<div id=\"attachment_118\" style=\"width: 818px\" class=\"wp-caption aligncenter\"><a href=\"http:\/\/abcd.abuledu.org\/les-reves-de-cyril\/wp-content\/uploads\/sites\/6\/2015\/04\/20150708_TuxPaint-02.png\" data-rel=\"lightbox-image-0\" data-rl_title=\"\" data-rl_caption=\"\" title=\"\"><img aria-describedby=\"caption-attachment-118\" loading=\"lazy\" class=\"wp-image-118 size-full\" src=\"http:\/\/abcd.abuledu.org\/les-reves-de-cyril\/wp-content\/uploads\/sites\/6\/2015\/04\/20150708_TuxPaint-02.png\" alt=\"Cr\u00e9er des tampons avec Tux Paint et jouer...\" width=\"808\" height=\"626\" srcset=\"http:\/\/abcd.abuledu.org\/les-reves-de-cyril\/wp-content\/uploads\/sites\/6\/2015\/04\/20150708_TuxPaint-02.png 808w, http:\/\/abcd.abuledu.org\/les-reves-de-cyril\/wp-content\/uploads\/sites\/6\/2015\/04\/20150708_TuxPaint-02-300x232.png 300w\" sizes=\"(max-width: 808px) 100vw, 808px\" \/><\/a><p id=\"caption-attachment-118\" class=\"wp-caption-text\">Cr\u00e9er des tampons avec Tux Paint et jouer&#8230;<\/p><\/div>\n<p>&nbsp;<\/p>\n<ul>\n<li>\n<h2><a href=\"http:\/\/calestampar.org\/spip.php?article1288\" target=\"_blank\">Mod\u00e8le de mini-livre pour les activit\u00e9s p\u00e9riscolaires<\/a>, par exemple en m\u00e9diath\u00e8que.<\/h2>\n<\/li>\n<\/ul>\n<div id=\"attachment_150\" style=\"width: 801px\" class=\"wp-caption aligncenter\"><a href=\"http:\/\/abcd.abuledu.org\/les-reves-de-cyril\/wp-content\/uploads\/sites\/6\/2015\/04\/20150711_minilivre-coralie.png\" data-rel=\"lightbox-image-1\" data-rl_title=\"\" data-rl_caption=\"\" title=\"\"><img aria-describedby=\"caption-attachment-150\" loading=\"lazy\" class=\"wp-image-150 size-full\" src=\"http:\/\/abcd.abuledu.org\/les-reves-de-cyril\/wp-content\/uploads\/sites\/6\/2015\/04\/20150711_minilivre-coralie.png\" alt=\"Coralie en mini-livre avec Scribus\" width=\"791\" height=\"558\" srcset=\"http:\/\/abcd.abuledu.org\/les-reves-de-cyril\/wp-content\/uploads\/sites\/6\/2015\/04\/20150711_minilivre-coralie.png 791w, http:\/\/abcd.abuledu.org\/les-reves-de-cyril\/wp-content\/uploads\/sites\/6\/2015\/04\/20150711_minilivre-coralie-300x212.png 300w\" sizes=\"(max-width: 791px) 100vw, 791px\" \/><\/a><p id=\"caption-attachment-150\" class=\"wp-caption-text\">Coralie en mini-livre avec Scribus<\/p><\/div>\n<div id=\"attachment_152\" style=\"width: 800px\" class=\"wp-caption aligncenter\"><a href=\"http:\/\/abcd.abuledu.org\/les-reves-de-cyril\/wp-content\/uploads\/sites\/6\/2015\/04\/20150711_minilivres-cyril.png\" data-rel=\"lightbox-image-2\" data-rl_title=\"\" data-rl_caption=\"\" title=\"\"><img aria-describedby=\"caption-attachment-152\" loading=\"lazy\" class=\"wp-image-152 size-full\" src=\"http:\/\/abcd.abuledu.org\/les-reves-de-cyril\/wp-content\/uploads\/sites\/6\/2015\/04\/20150711_minilivres-cyril.png\" alt=\"20150711_minilivres-cyril\" width=\"790\" height=\"556\" srcset=\"http:\/\/abcd.abuledu.org\/les-reves-de-cyril\/wp-content\/uploads\/sites\/6\/2015\/04\/20150711_minilivres-cyril.png 790w, http:\/\/abcd.abuledu.org\/les-reves-de-cyril\/wp-content\/uploads\/sites\/6\/2015\/04\/20150711_minilivres-cyril-300x211.png 300w\" sizes=\"(max-width: 790px) 100vw, 790px\" \/><\/a><p id=\"caption-attachment-152\" class=\"wp-caption-text\">Mini-livre des r\u00eaves de Cyril, avec la maquette de Scribus.<\/p><\/div>\n<h2><\/h2>\n<h2>D&rsquo;autres pistes \u00e0 explorer et exploiter :<\/h2>\n<p>&nbsp;<\/p>\n<ul>\n<li><strong>avec <a href=\"http:\/\/abuledu-fr.org\/composer-une-image-avec-libreoffice\/\" target=\"_blank\">Libre Office Dessin<\/a><\/strong><\/li>\n<\/ul>\n<p>&nbsp;<\/p>\n<ul>\n<li><strong>avec <a href=\"https:\/\/redmine.ryxeo.com\/projects\/leterrier-mrpatate\/wiki\" target=\"_blank\">Monsieur Patate<\/a><\/strong><\/li>\n<\/ul>\n<p>&nbsp;<\/p>\n<ul>\n<li><strong>avec Blender (gif anim\u00e9s)<\/strong><\/li>\n<\/ul>\n<p>&nbsp;<\/p>\n<ul>\n<li><strong>avec les avatars&#8230;<\/strong><\/li>\n<\/ul>\n<p>&nbsp;<\/p>\n<p>&nbsp;<\/p>\n<p>&nbsp;<\/p>\n<p>&nbsp;<\/p>\n<p>&nbsp;<\/p>\n<p>&nbsp;<\/p>\n","protected":false},"excerpt":{"rendered":"<p>avec Tux Paint &nbsp; Mod\u00e8le de mini-livre pour les activit\u00e9s p\u00e9riscolaires, par exemple en m\u00e9diath\u00e8que. D&rsquo;autres pistes \u00e0 explorer et exploiter : &nbsp; avec Libre Office Dessin &nbsp; avec Monsieur Patate &nbsp; avec Blender (gif anim\u00e9s) &nbsp; avec les avatars&#8230; &nbsp; &nbsp; &nbsp; &nbsp; &nbsp; &nbsp;<\/p>\n","protected":false},"author":1,"featured_media":54,"parent":0,"menu_order":0,"comment_status":"open","ping_status":"open","template":"page-full-width.php","meta":[],"categories":[8,3,5],"_links":{"self":[{"href":"http:\/\/abcd.abuledu.org\/les-reves-de-cyril\/wp-json\/wp\/v2\/pages\/14"}],"collection":[{"href":"http:\/\/abcd.abuledu.org\/les-reves-de-cyril\/wp-json\/wp\/v2\/pages"}],"about":[{"href":"http:\/\/abcd.abuledu.org\/les-reves-de-cyril\/wp-json\/wp\/v2\/types\/page"}],"author":[{"embeddable":true,"href":"http:\/\/abcd.abuledu.org\/les-reves-de-cyril\/wp-json\/wp\/v2\/users\/1"}],"replies":[{"embeddable":true,"href":"http:\/\/abcd.abuledu.org\/les-reves-de-cyril\/wp-json\/wp\/v2\/comments?post=14"}],"version-history":[{"count":15,"href":"http:\/\/abcd.abuledu.org\/les-reves-de-cyril\/wp-json\/wp\/v2\/pages\/14\/revisions"}],"predecessor-version":[{"id":239,"href":"http:\/\/abcd.abuledu.org\/les-reves-de-cyril\/wp-json\/wp\/v2\/pages\/14\/revisions\/239"}],"wp:featuredmedia":[{"embeddable":true,"href":"http:\/\/abcd.abuledu.org\/les-reves-de-cyril\/wp-json\/wp\/v2\/media\/54"}],"wp:attachment":[{"href":"http:\/\/abcd.abuledu.org\/les-reves-de-cyril\/wp-json\/wp\/v2\/media?parent=14"}],"wp:term":[{"taxonomy":"category","embeddable":true,"href":"http:\/\/abcd.abuledu.org\/les-reves-de-cyril\/wp-json\/wp\/v2\/categories?post=14"}],"curies":[{"name":"wp","href":"https:\/\/api.w.org\/{rel}","templated":true}]}}