{"id":19,"date":"2015-04-25T23:34:37","date_gmt":"2015-04-25T22:34:37","guid":{"rendered":"http:\/\/abcd.abuledu.org\/les-reves-de-cyril\/?page_id=19"},"modified":"2015-08-21T22:22:57","modified_gmt":"2015-08-21T21:22:57","slug":"sept","status":"publish","type":"page","link":"http:\/\/abcd.abuledu.org\/les-reves-de-cyril\/sept\/","title":{"rendered":"Des ressources libres"},"content":{"rendered":"<p><strong>CLIQUEZ SUR CE LIEN POUR T\u00c9L\u00c9CHARGER LES IMAGES D\u00c9POS\u00c9ES EN 2013 <a href=\"http:\/\/data.abuledu.org\/wp\/?categ=&amp;terms=cyri-L\" target=\"_blank\">SUR ABUL\u00c9DU-DATA<\/a><\/strong><\/p>\n<p>Voici quelques images, dessins et cliparts :<\/p>\n<div id=\"attachment_68\" style=\"width: 1101px\" class=\"wp-caption aligncenter\"><a href=\"http:\/\/abcd.abuledu.org\/les-reves-de-cyril\/wp-content\/uploads\/sites\/6\/2015\/04\/20150707_data.abuledu-Cyri-L.png\" data-rel=\"lightbox-image-0\" data-rl_title=\"\" data-rl_caption=\"\" title=\"\"><img aria-describedby=\"caption-attachment-68\" loading=\"lazy\" class=\"wp-image-68 size-full\" src=\"http:\/\/abcd.abuledu.org\/les-reves-de-cyril\/wp-content\/uploads\/sites\/6\/2015\/04\/20150707_data.abuledu-Cyri-L.png\" alt=\"Fichiers t\u00e9l\u00e9chargeables en ligne.\" width=\"1091\" height=\"722\" srcset=\"http:\/\/abcd.abuledu.org\/les-reves-de-cyril\/wp-content\/uploads\/sites\/6\/2015\/04\/20150707_data.abuledu-Cyri-L.png 1091w, http:\/\/abcd.abuledu.org\/les-reves-de-cyril\/wp-content\/uploads\/sites\/6\/2015\/04\/20150707_data.abuledu-Cyri-L-300x199.png 300w, http:\/\/abcd.abuledu.org\/les-reves-de-cyril\/wp-content\/uploads\/sites\/6\/2015\/04\/20150707_data.abuledu-Cyri-L-1024x678.png 1024w\" sizes=\"(max-width: 1091px) 100vw, 1091px\" \/><\/a><p id=\"caption-attachment-68\" class=\"wp-caption-text\">Quelques fichiers t\u00e9l\u00e9chargeables en ligne, en licence cc-by-sa.<\/p><\/div>\n<p>&nbsp;<\/p>\n<p>&nbsp;<\/p>\n","protected":false},"excerpt":{"rendered":"<p>CLIQUEZ SUR CE LIEN POUR T\u00c9L\u00c9CHARGER LES IMAGES D\u00c9POS\u00c9ES EN 2013 SUR ABUL\u00c9DU-DATA Voici quelques images, dessins et cliparts : &nbsp; &nbsp;<\/p>\n","protected":false},"author":1,"featured_media":58,"parent":0,"menu_order":0,"comment_status":"open","ping_status":"open","template":"page-full-width.php","meta":[],"categories":[3],"_links":{"self":[{"href":"http:\/\/abcd.abuledu.org\/les-reves-de-cyril\/wp-json\/wp\/v2\/pages\/19"}],"collection":[{"href":"http:\/\/abcd.abuledu.org\/les-reves-de-cyril\/wp-json\/wp\/v2\/pages"}],"about":[{"href":"http:\/\/abcd.abuledu.org\/les-reves-de-cyril\/wp-json\/wp\/v2\/types\/page"}],"author":[{"embeddable":true,"href":"http:\/\/abcd.abuledu.org\/les-reves-de-cyril\/wp-json\/wp\/v2\/users\/1"}],"replies":[{"embeddable":true,"href":"http:\/\/abcd.abuledu.org\/les-reves-de-cyril\/wp-json\/wp\/v2\/comments?post=19"}],"version-history":[{"count":7,"href":"http:\/\/abcd.abuledu.org\/les-reves-de-cyril\/wp-json\/wp\/v2\/pages\/19\/revisions"}],"predecessor-version":[{"id":211,"href":"http:\/\/abcd.abuledu.org\/les-reves-de-cyril\/wp-json\/wp\/v2\/pages\/19\/revisions\/211"}],"wp:featuredmedia":[{"embeddable":true,"href":"http:\/\/abcd.abuledu.org\/les-reves-de-cyril\/wp-json\/wp\/v2\/media\/58"}],"wp:attachment":[{"href":"http:\/\/abcd.abuledu.org\/les-reves-de-cyril\/wp-json\/wp\/v2\/media?parent=19"}],"wp:term":[{"taxonomy":"category","embeddable":true,"href":"http:\/\/abcd.abuledu.org\/les-reves-de-cyril\/wp-json\/wp\/v2\/categories?post=19"}],"curies":[{"name":"wp","href":"https:\/\/api.w.org\/{rel}","templated":true}]}}