{"id":36,"date":"2015-04-25T23:37:00","date_gmt":"2015-04-25T22:37:00","guid":{"rendered":"http:\/\/abcd.abuledu.org\/les-reves-de-cyril\/?page_id=36"},"modified":"2015-08-21T23:30:13","modified_gmt":"2015-08-21T22:30:13","slug":"lauteur","status":"publish","type":"page","link":"http:\/\/abcd.abuledu.org\/les-reves-de-cyril\/lauteur\/","title":{"rendered":"Qui suis-je ?"},"content":{"rendered":"<div id=\"attachment_176\" style=\"width: 650px\" class=\"wp-caption alignright\"><a href=\"http:\/\/abcd.abuledu.org\/les-reves-de-cyril\/wp-content\/uploads\/sites\/6\/2015\/04\/avatar-alice.png\" data-rel=\"lightbox-image-0\" data-rl_title=\"\" data-rl_caption=\"\" title=\"\"><img aria-describedby=\"caption-attachment-176\" loading=\"lazy\" class=\"wp-image-176 size-large\" src=\"http:\/\/abcd.abuledu.org\/les-reves-de-cyril\/wp-content\/uploads\/sites\/6\/2015\/04\/avatar-alice-724x1024.png\" alt=\"avatar alice\" width=\"640\" height=\"905\" srcset=\"http:\/\/abcd.abuledu.org\/les-reves-de-cyril\/wp-content\/uploads\/sites\/6\/2015\/04\/avatar-alice-724x1024.png 724w, http:\/\/abcd.abuledu.org\/les-reves-de-cyril\/wp-content\/uploads\/sites\/6\/2015\/04\/avatar-alice-212x300.png 212w\" sizes=\"(max-width: 640px) 100vw, 640px\" \/><\/a><p id=\"caption-attachment-176\" class=\"wp-caption-text\">AVATAR D&rsquo;ALICE, AO\u00dbT 2015<\/p><\/div>\n<p>&nbsp;<\/p>\n<p>&nbsp;<\/p>\n<p>&nbsp;<\/p>\n<p><strong>Ces histoires refl\u00e8tent mon \u00e9tat d&rsquo;esprit \u00e9tant jeune,<\/strong><\/p>\n<p><strong>Les doutes et les peurs dus \u00e0 l&rsquo;avenir et l&rsquo;impatience d&rsquo;y \u00eatre malgr\u00e9 tout.<\/strong><\/p>\n<p><strong>Tous ces r\u00eaves accumul\u00e9s, toutes ces carri\u00e8res abandonn\u00e9es !<\/strong><\/p>\n<p><strong>Ce que je retiens de cette p\u00e9riode,<\/strong><\/p>\n<p><strong>c&rsquo;est ce d\u00e9sir d\u00e9j\u00e0 pr\u00e9sent de raconter des histoires en images.<\/strong><\/p>\n<p><strong>Mais finalement je m&rsquo;aper\u00e7ois que moi, une fois grande, je suis encore rest\u00e9e petite !<\/strong><\/p>\n<p><strong>Cyri-L, janvier 2014.<\/strong><\/p>\n<p><strong><a href=\"http:\/\/abuledu-fr.org\/les-petites-histoires-de-cyri_l\/\" target=\"_blank\">Les petites histoires de Cyri-L<\/a><\/strong><\/p>\n","protected":false},"excerpt":{"rendered":"<p>&nbsp; &nbsp; &nbsp; Ces histoires refl\u00e8tent mon \u00e9tat d&rsquo;esprit \u00e9tant jeune, Les doutes et les peurs dus \u00e0 l&rsquo;avenir et l&rsquo;impatience d&rsquo;y \u00eatre malgr\u00e9 tout. Tous ces r\u00eaves accumul\u00e9s, toutes ces carri\u00e8res abandonn\u00e9es ! Ce que je retiens de cette p\u00e9riode, c&rsquo;est ce d\u00e9sir d\u00e9j\u00e0 pr\u00e9sent de raconter des histoires en images. Mais finalement je [&hellip;]<\/p>\n","protected":false},"author":1,"featured_media":106,"parent":0,"menu_order":0,"comment_status":"open","ping_status":"open","template":"page-full-width.php","meta":[],"categories":[8,7,4,5],"_links":{"self":[{"href":"http:\/\/abcd.abuledu.org\/les-reves-de-cyril\/wp-json\/wp\/v2\/pages\/36"}],"collection":[{"href":"http:\/\/abcd.abuledu.org\/les-reves-de-cyril\/wp-json\/wp\/v2\/pages"}],"about":[{"href":"http:\/\/abcd.abuledu.org\/les-reves-de-cyril\/wp-json\/wp\/v2\/types\/page"}],"author":[{"embeddable":true,"href":"http:\/\/abcd.abuledu.org\/les-reves-de-cyril\/wp-json\/wp\/v2\/users\/1"}],"replies":[{"embeddable":true,"href":"http:\/\/abcd.abuledu.org\/les-reves-de-cyril\/wp-json\/wp\/v2\/comments?post=36"}],"version-history":[{"count":18,"href":"http:\/\/abcd.abuledu.org\/les-reves-de-cyril\/wp-json\/wp\/v2\/pages\/36\/revisions"}],"predecessor-version":[{"id":236,"href":"http:\/\/abcd.abuledu.org\/les-reves-de-cyril\/wp-json\/wp\/v2\/pages\/36\/revisions\/236"}],"wp:featuredmedia":[{"embeddable":true,"href":"http:\/\/abcd.abuledu.org\/les-reves-de-cyril\/wp-json\/wp\/v2\/media\/106"}],"wp:attachment":[{"href":"http:\/\/abcd.abuledu.org\/les-reves-de-cyril\/wp-json\/wp\/v2\/media?parent=36"}],"wp:term":[{"taxonomy":"category","embeddable":true,"href":"http:\/\/abcd.abuledu.org\/les-reves-de-cyril\/wp-json\/wp\/v2\/categories?post=36"}],"curies":[{"name":"wp","href":"https:\/\/api.w.org\/{rel}","templated":true}]}}

<div id="attachment_176" style="width: 650px" class="wp-caption alignright"><a href="http://abcd.abuledu.org/les-reves-de-cyril/wp-content/uploads/sites/6/2015/04/avatar-alice.png" data-rel="lightbox-image-0" data-rl_title="" data-rl_caption="" title=""><img aria-describedby="caption-attachment-176" loading="lazy" class="wp-image-176 size-large" src="http://abcd.abuledu.org/les-reves-de-cyril/wp-content/uploads/sites/6/2015/04/avatar-alice-724x1024.png" alt="avatar alice" width="640" height="905" srcset="http://abcd.abuledu.org/les-reves-de-cyril/wp-content/uploads/sites/6/2015/04/avatar-alice-724x1024.png 724w, http://abcd.abuledu.org/les-reves-de-cyril/wp-content/uploads/sites/6/2015/04/avatar-alice-212x300.png 212w" sizes="(max-width: 640px) 100vw, 640px" /></a><p id="caption-attachment-176" class="wp-caption-text">AVATAR D&rsquo;ALICE, AOÛT 2015</p></div>
<p>&nbsp;</p>
<p>&nbsp;</p>
<p>&nbsp;</p>
<p><strong>Ces histoires reflètent mon état d&rsquo;esprit étant jeune,</strong></p>
<p><strong>Les doutes et les peurs dus à l&rsquo;avenir et l&rsquo;impatience d&rsquo;y être malgré tout.</strong></p>
<p><strong>Tous ces rêves accumulés, toutes ces carrières abandonnées !</strong></p>
<p><strong>Ce que je retiens de cette période,</strong></p>
<p><strong>c&rsquo;est ce désir déjà présent de raconter des histoires en images.</strong></p>
<p><strong>Mais finalement je m&rsquo;aperçois que moi, une fois grande, je suis encore restée petite !</strong></p>
<p><strong>Cyri-L, janvier 2014.</strong></p>
<p><strong><a href="http://abuledu-fr.org/les-petites-histoires-de-cyri_l/" target="_blank">Les petites histoires de Cyri-L</a></strong></p>

<p>&nbsp; &nbsp; &nbsp; Ces histoires reflètent mon état d&rsquo;esprit étant jeune, Les doutes et les peurs dus à l&rsquo;avenir et l&rsquo;impatience d&rsquo;y être malgré tout. Tous ces rêves accumulés, toutes ces carrières abandonnées ! Ce que je retiens de cette période, c&rsquo;est ce désir déjà présent de raconter des histoires en images. Mais finalement je [&hellip;]</p>
