{"id":219,"date":"2015-07-24T22:09:58","date_gmt":"2015-07-24T21:09:58","guid":{"rendered":"http:\/\/abcd.abuledu.org\/sylvanus-aquitaine\/?page_id=219"},"modified":"2015-07-24T22:11:05","modified_gmt":"2015-07-24T21:11:05","slug":"ressources-libres-sur-abuledu-data","status":"publish","type":"page","link":"http:\/\/abcd.abuledu.org\/sylvanus-aquitaine\/ressources-libres-sur-abuledu-data\/","title":{"rendered":"Ressources Libres sur Abul\u00c9du-data"},"content":{"rendered":"<p>Images et textes ont \u00e9t\u00e9 d\u00e9pos\u00e9s sur cette <a href=\"http:\/\/data.abuledu.org\/wp\/blog\/\" target=\"_blank\">base de donn\u00e9es en ligne.<\/a><\/p>\n<p>La recherche par mots-cl\u00e9s permet de retrouver par exemple :<\/p>\n<ul>\n<li>Pilatorax avec d&rsquo;autres <a href=\"http:\/\/data.abuledu.org\/wp\/?categ=&amp;terms=Druides\" target=\"_blank\">druides<\/a>,<\/li>\n<li>Le <a href=\"http:\/\/data.abuledu.org\/wp\/?LOM=26182\" target=\"_blank\">passeur gaulois<\/a> et sa pirogue,<\/li>\n<li>L&rsquo;histoire de la premi\u00e8re aventure de <a href=\"http:\/\/data.abuledu.org\/wp\/?categ=&amp;terms=sylvanus-aquitaine+Livres+illustr%C3%A9s+pour+enfants\" target=\"_blank\">Sylvanus,<\/a><\/li>\n<li>Le <a href=\"http:\/\/data.abuledu.org\/wp\/?categ=&amp;terms=palais+gallien\" target=\"_blank\">Palais Gallien<\/a> \u00e0 Burdigala,<\/li>\n<li>La<a href=\"http:\/\/data.abuledu.org\/wp\/?categ=&amp;terms=n%C3%A9cropole+Saint-Seurin\" target=\"_blank\"> n\u00e9cropole pal\u00e9ochr\u00e9tienne<\/a> de Saint-Seurin \u00e0 Bordeaux,<\/li>\n<li>Le mus\u00e9e de <a href=\"http:\/\/data.abuledu.org\/wp\/?categ=&amp;terms=sylvanus-aquitaine+sanguinet\" target=\"_blank\">Sanguinet<\/a>,<\/li>\n<li>&#8230;<\/li>\n<\/ul>\n","protected":false},"excerpt":{"rendered":"<p>Images et textes ont \u00e9t\u00e9 d\u00e9pos\u00e9s sur cette base de donn\u00e9es en ligne. La recherche par mots-cl\u00e9s permet de retrouver par exemple : Pilatorax avec d&rsquo;autres druides, Le passeur gaulois et sa pirogue, L&rsquo;histoire de la premi\u00e8re aventure de Sylvanus, Le Palais Gallien \u00e0 Burdigala, La n\u00e9cropole pal\u00e9ochr\u00e9tienne de Saint-Seurin \u00e0 Bordeaux, Le mus\u00e9e de [&hellip;]<\/p>\n","protected":false},"author":9,"featured_media":0,"parent":0,"menu_order":0,"comment_status":"closed","ping_status":"open","template":"page-full-width.php","meta":[],"categories":[4,2],"_links":{"self":[{"href":"http:\/\/abcd.abuledu.org\/sylvanus-aquitaine\/wp-json\/wp\/v2\/pages\/219"}],"collection":[{"href":"http:\/\/abcd.abuledu.org\/sylvanus-aquitaine\/wp-json\/wp\/v2\/pages"}],"about":[{"href":"http:\/\/abcd.abuledu.org\/sylvanus-aquitaine\/wp-json\/wp\/v2\/types\/page"}],"author":[{"embeddable":true,"href":"http:\/\/abcd.abuledu.org\/sylvanus-aquitaine\/wp-json\/wp\/v2\/users\/9"}],"replies":[{"embeddable":true,"href":"http:\/\/abcd.abuledu.org\/sylvanus-aquitaine\/wp-json\/wp\/v2\/comments?post=219"}],"version-history":[{"count":1,"href":"http:\/\/abcd.abuledu.org\/sylvanus-aquitaine\/wp-json\/wp\/v2\/pages\/219\/revisions"}],"predecessor-version":[{"id":221,"href":"http:\/\/abcd.abuledu.org\/sylvanus-aquitaine\/wp-json\/wp\/v2\/pages\/219\/revisions\/221"}],"wp:attachment":[{"href":"http:\/\/abcd.abuledu.org\/sylvanus-aquitaine\/wp-json\/wp\/v2\/media?parent=219"}],"wp:term":[{"taxonomy":"category","embeddable":true,"href":"http:\/\/abcd.abuledu.org\/sylvanus-aquitaine\/wp-json\/wp\/v2\/categories?post=219"}],"curies":[{"name":"wp","href":"https:\/\/api.w.org\/{rel}","templated":true}]}}