{"id":37,"date":"2015-05-04T20:01:42","date_gmt":"2015-05-04T19:01:42","guid":{"rendered":"http:\/\/abcd.abuledu.org\/herve-le-carre\/?page_id=37"},"modified":"2015-08-25T18:53:45","modified_gmt":"2015-08-25T17:53:45","slug":"lhistoire","status":"publish","type":"page","link":"https:\/\/abcd.abuledu.org\/herve-le-carre\/lhistoire\/","title":{"rendered":"L&rsquo;histoire du loup"},"content":{"rendered":"<p>Sur le site de l&rsquo;auteur :<\/p>\n<ul>\n<li><strong><a href=\"http:\/\/odysseuslibre.be\/mondelibre\/ne-pleure-pas-monsieur-le-loup\/\" target=\"_blank\">Monsieur le loup a du chagrin<\/a><\/strong><\/li>\n<\/ul>\n<p><a href=\"http:\/\/odysseuslibre.be\/mondelibre\/ne-pleure-pas-monsieur-le-loup\/\" target=\"_blank\"><img loading=\"lazy\" class=\"aligncenter wp-image-188 size-full\" src=\"http:\/\/abcd.abuledu.org\/herve-le-carre\/wp-content\/uploads\/sites\/5\/2015\/05\/couverture-mrleloup-pt.png\" alt=\"couverture-mrleloup-pt\" width=\"357\" height=\"500\" srcset=\"https:\/\/abcd.abuledu.org\/herve-le-carre\/wp-content\/uploads\/sites\/5\/2015\/05\/couverture-mrleloup-pt.png 357w, https:\/\/abcd.abuledu.org\/herve-le-carre\/wp-content\/uploads\/sites\/5\/2015\/05\/couverture-mrleloup-pt-214x300.png 214w\" sizes=\"(max-width: 357px) 100vw, 357px\" \/><\/a><\/p>\n<ul>\n<li>\u00a0<a href=\"http:\/\/odysseuslibre.be\/mondelibre\/monsieur-le-loup-en-latin\/\" target=\"_blank\"><strong>Version en latin, par Aquilatin<\/strong><\/a><\/li>\n<\/ul>\n<p>&nbsp;<\/p>\n<p>Sur Abul\u00c9du-data :<\/p>\n<ul>\n<li><strong>T\u00c9L\u00c9CHARGEZ LE DESSIN DE VOTRE CHOIX ICI (\u00e0 faire)<\/strong><\/li>\n<\/ul>\n<div id=\"attachment_225\" style=\"width: 650px\" class=\"wp-caption aligncenter\"><a href=\"http:\/\/abcd.abuledu.org\/herve-le-carre\/wp-content\/uploads\/sites\/5\/2015\/05\/MrleLoup_couleurs_data.png\" data-rel=\"lightbox-image-0\" data-rl_title=\"\" data-rl_caption=\"\" title=\"\"><img aria-describedby=\"caption-attachment-225\" loading=\"lazy\" class=\"wp-image-225 size-large\" src=\"http:\/\/abcd.abuledu.org\/herve-le-carre\/wp-content\/uploads\/sites\/5\/2015\/05\/MrleLoup_couleurs_data-1024x610.png\" alt=\"Mr le Loup en couleurs sur abul\u00e9du-data\" width=\"640\" height=\"381\" srcset=\"https:\/\/abcd.abuledu.org\/herve-le-carre\/wp-content\/uploads\/sites\/5\/2015\/05\/MrleLoup_couleurs_data-1024x610.png 1024w, https:\/\/abcd.abuledu.org\/herve-le-carre\/wp-content\/uploads\/sites\/5\/2015\/05\/MrleLoup_couleurs_data-300x179.png 300w, https:\/\/abcd.abuledu.org\/herve-le-carre\/wp-content\/uploads\/sites\/5\/2015\/05\/MrleLoup_couleurs_data.png 1140w\" sizes=\"(max-width: 640px) 100vw, 640px\" \/><\/a><p id=\"caption-attachment-225\" class=\"wp-caption-text\">Mr le Loup en couleurs sur abul\u00e9du-data<\/p><\/div>\n<div id=\"attachment_226\" style=\"width: 650px\" class=\"wp-caption aligncenter\"><a href=\"http:\/\/abcd.abuledu.org\/herve-le-carre\/wp-content\/uploads\/sites\/5\/2015\/05\/MrleLoup_data.png\" data-rel=\"lightbox-image-1\" data-rl_title=\"\" data-rl_caption=\"\" title=\"\"><img aria-describedby=\"caption-attachment-226\" loading=\"lazy\" class=\"wp-image-226 size-large\" src=\"http:\/\/abcd.abuledu.org\/herve-le-carre\/wp-content\/uploads\/sites\/5\/2015\/05\/MrleLoup_data-1024x612.png\" alt=\"Mr le loup \u00e0 colorier, sur abul\u00e9du-data\" width=\"640\" height=\"383\" srcset=\"https:\/\/abcd.abuledu.org\/herve-le-carre\/wp-content\/uploads\/sites\/5\/2015\/05\/MrleLoup_data-1024x612.png 1024w, https:\/\/abcd.abuledu.org\/herve-le-carre\/wp-content\/uploads\/sites\/5\/2015\/05\/MrleLoup_data-300x179.png 300w, https:\/\/abcd.abuledu.org\/herve-le-carre\/wp-content\/uploads\/sites\/5\/2015\/05\/MrleLoup_data-240x145.png 240w, https:\/\/abcd.abuledu.org\/herve-le-carre\/wp-content\/uploads\/sites\/5\/2015\/05\/MrleLoup_data.png 1144w\" sizes=\"(max-width: 640px) 100vw, 640px\" \/><\/a><p id=\"caption-attachment-226\" class=\"wp-caption-text\">Mr le loup \u00e0 colorier, sur abul\u00e9du-data<\/p><\/div>\n","protected":false},"excerpt":{"rendered":"<p>Sur le site de l&rsquo;auteur : Monsieur le loup a du chagrin \u00a0Version en latin, par Aquilatin &nbsp; Sur Abul\u00c9du-data : T\u00c9L\u00c9CHARGEZ LE DESSIN DE VOTRE CHOIX ICI (\u00e0 faire)<\/p>\n","protected":false},"author":10,"featured_media":138,"parent":0,"menu_order":3,"comment_status":"open","ping_status":"closed","template":"page-full-width.php","meta":[],"categories":[],"_links":{"self":[{"href":"https:\/\/abcd.abuledu.org\/herve-le-carre\/wp-json\/wp\/v2\/pages\/37"}],"collection":[{"href":"https:\/\/abcd.abuledu.org\/herve-le-carre\/wp-json\/wp\/v2\/pages"}],"about":[{"href":"https:\/\/abcd.abuledu.org\/herve-le-carre\/wp-json\/wp\/v2\/types\/page"}],"author":[{"embeddable":true,"href":"https:\/\/abcd.abuledu.org\/herve-le-carre\/wp-json\/wp\/v2\/users\/10"}],"replies":[{"embeddable":true,"href":"https:\/\/abcd.abuledu.org\/herve-le-carre\/wp-json\/wp\/v2\/comments?post=37"}],"version-history":[{"count":11,"href":"https:\/\/abcd.abuledu.org\/herve-le-carre\/wp-json\/wp\/v2\/pages\/37\/revisions"}],"predecessor-version":[{"id":228,"href":"https:\/\/abcd.abuledu.org\/herve-le-carre\/wp-json\/wp\/v2\/pages\/37\/revisions\/228"}],"wp:featuredmedia":[{"embeddable":true,"href":"https:\/\/abcd.abuledu.org\/herve-le-carre\/wp-json\/wp\/v2\/media\/138"}],"wp:attachment":[{"href":"https:\/\/abcd.abuledu.org\/herve-le-carre\/wp-json\/wp\/v2\/media?parent=37"}],"wp:term":[{"taxonomy":"category","embeddable":true,"href":"https:\/\/abcd.abuledu.org\/herve-le-carre\/wp-json\/wp\/v2\/categories?post=37"}],"curies":[{"name":"wp","href":"https:\/\/api.w.org\/{rel}","templated":true}]}}