{"id":2,"date":"2014-11-19T19:09:02","date_gmt":"2014-11-19T19:09:02","guid":{"rendered":"http:\/\/abcd.abuledu.org\/la-vie-sous-marine\/?page_id=2"},"modified":"2016-05-15T20:53:46","modified_gmt":"2016-05-15T19:53:46","slug":"a-propos","status":"publish","type":"page","link":"https:\/\/abcd.abuledu.org\/six-minutes-pour-la-mer-rouge\/a-propos\/","title":{"rendered":"\u00c0 propos"},"content":{"rendered":"<h1>Le projet<\/h1>\n<div class=\"level1\">\u00c0 l&rsquo;origine de tout \u00e7a il y a un voyage magique en Mer Rouge : deux semaines sur un bateau \u00e0 se balader de spot de plong\u00e9e en spot de plong\u00e9e. Un peu sur les traces de la Calypso \u00ab\u00a0quelques\u00a0\u00bb ann\u00e9es plus tard. \u00c0 mon retour je n&rsquo;ai pas eu envie de monter un film \u00ab\u00a0racontant ce voyage\u00a0\u00bb tout de suite, j&rsquo;ai laiss\u00e9 un peu \u00ab\u00a0d\u00e9canter\u00a0\u00bb &#8230; mais \u00e0 force de regarder tous les rush et gr\u00e2ce aux conseils d&rsquo;ami(e)s j&rsquo;ai mis le doigt sur la \u00ab\u00a0trame de fond\u00a0\u00bb de toutes les images que j&rsquo;ai ramen\u00e9es : les \u00e9motions que j&rsquo;ai pu ressentir lorsque j&rsquo;ai mis ma t\u00eate sous l&rsquo;eau &#8230; cet \u00e9merveillement pour cet aquarium g\u00e9ant.<\/div>\n<div class=\"level1\"><\/div>\n<div class=\"level1\">Ensuite, le projet de ce site web a pris forme en m\u00eame temps que le film \u00ab\u00a0les six minutes pour la Mer Rouge\u00a0\u00bb qui a particip\u00e9 au <a href=\"http:\/\/cnav.imagesub.com\/festivals-et-concours-a-venir\/261-trophees-cialpc-2015\">17\u00b0 concours national de vid\u00e9o sous marine organis\u00e9 par la FFESSM<\/a>.<\/div>\n<div class=\"level1\"><\/div>\n<div class=\"level1\">Je ne veux pas m&rsquo;arr\u00eater au film, je souhaite proposer aux enfants (en particulier) de \u00ab\u00a0creuser\u00a0\u00bb des pistes en leur fournissant du mat\u00e9riel \u00ab\u00a0brut\u00a0\u00bb issu de ce superbe voyage en Mer Rouge.<\/div>\n<h1>Auteurs<\/h1>\n<p>L&rsquo;auteur principal de ce projet est \u00c9ric Seigne mais de nombreuses autres personnes ont contribu\u00e9 depuis l&rsquo;id\u00e9e de cr\u00e9ation du film jusqu&rsquo;\u00e0 la r\u00e9alisation des \u00e9l\u00e9ments de ce site web. Dans l&rsquo;ordre alphab\u00e9tique :<\/p>\n<ul>\n<li>Anne-Marie, Christine, \u00c9milie, Julie, L\u00e9a, Martine, Maryline, Nathalie<\/li>\n<li>Arnaud, Christophe, Daniel, Franck, Gautier, Jacques, Jean, Julien, Philippe<\/li>\n<\/ul>\n<p>Et sans doute d&rsquo;autres, si je vous oublie envoyez-moi un mail pour que je vous rajoute \u00e0 la liste !<\/p>\n<h1>H\u00e9bergement<\/h1>\n<p>Libre et ind\u00e9pendant, sans pub et sans choses inconvenantes pour le public cible des moins de 12 ans (et leurs enseignants). L&rsquo;h\u00e9bergement est assur\u00e9 par la soci\u00e9t\u00e9 <a href=\"http:\/\/www.ryxeo.com\">RyX\u00e9o<\/a> qui \u00e9dite et h\u00e9berge le syst\u00e8me Abul\u00c9du (en tr\u00e8s bref, Abul\u00c9du est un ensemble de \u00ab\u00a0trucs\u00a0\u00bb qui apportent des r\u00e9ponses aux probl\u00e8mes informatiques des \u00e9coles primaires).<\/p>\n<p>C&rsquo;est particuli\u00e8rement vrai pour les vid\u00e9os qui sont h\u00e9berg\u00e9es sur une plate-forme qui n&rsquo;incrustera pas de publicit\u00e9s \u00e0 votre (et notre) insu et ne proposera pas aux visiteurs d&rsquo;aller voir les autres vid\u00e9os en \u00ab\u00a0relation\u00a0\u00bb avec celle que vous venez de voir (ou pas).<\/p>\n<h1>Contact<\/h1>\n<p>Voir en bas de page la zone \u00ab\u00a0contact\u00a0\u00bb.<\/p>\n<h1>L&rsquo;organisation de ce \u00ab\u00a0projet\u00a0\u00bb<\/h1>\n<p>Du point de vue tr\u00e8s basique, l&rsquo;organisation est un peu \u00ab\u00a0lourde\u00a0\u00bb mais essentielle pour avoir un bras de levier important :<\/p>\n<ul>\n<li>0. la totalit\u00e9 des ressources doivent \u00eatre libres, au sens de l&rsquo;id\u00e9e qu&rsquo;on se fait de la GNU\/GPL, c&rsquo;est donc la licence <a href=\"https:\/\/creativecommons.org\/licenses\/by-sa\/3.0\/fr\/\">cc-by-sa<\/a> qui est choisie pour tout ce qui n&rsquo;est pas du code source ;<\/li>\n<li>1. on d\u00e9pose les ressources \u00ab\u00a0brutes\u00a0\u00bb (photos et images en particulier) sur le site <a href=\"http:\/\/data.abuledu.org\">data.abuledu.org<\/a> sauf si c&rsquo;est de la vid\u00e9o, en ce cas \u00e7a doit \u00eatre d\u00e9pos\u00e9 sur <a href=\"http:\/\/videos.abuledu.org\">videos.abuledu.org <\/a>;<\/li>\n<li>2. le (peu de) code source produit est publi\u00e9 sur la forge <a href=\"https:\/\/redmine.ryxeo.com\/\">redmine.ryxeo.com<\/a> ;<\/li>\n<li>3. les \u00ab\u00a0sources\u00a0\u00bb (donc fichiers scribus, libreoffice etc.) des fichiers PDF de pr\u00e9sentation des diff\u00e9rentes choses pr\u00e9sent\u00e9es seront d\u00e9pos\u00e9s sur un entrep\u00f4t de ressources \u00e9ducatives \u00ab\u00a0\u00e9volu\u00e9es\u00a0\u00bb (\u00e0 la diff\u00e9rence de data), cet entrep\u00f4t n&rsquo;existe pas encore compl\u00e8tement ;<\/li>\n<li>4. il faut r\u00e9diger de la documentation de pr\u00e9sentation sur ce site et d\u00e9cider plein de choses au niveau des objectifs p\u00e9dagogiques (niveau du public vis\u00e9, vocabulaire employ\u00e9, mise en page d\u00e9finie etc.) -&gt; tout ceci sera discut\u00e9 sur une liste de diffusion d\u00e9di\u00e9e si une communaut\u00e9 se f\u00e9d\u00e8re autour de cette id\u00e9e.<\/li>\n<\/ul>\n<p>J&rsquo;aimerais pouvoir \u00ab\u00a0noter\u00a0\u00bb au fur et \u00e0 mesure les \u00e9tapes de maturation de ce projet pour qu&rsquo;on puisse le dupliquer par la suite sur d&rsquo;autres projets si un individu souhaite faire la m\u00eame chose sur un sujet diff\u00e9rent (exemple: d\u00e9couverte des ch\u00e2teaux la Loire, technique de peinture en Afrique, musique traditionnelle aux Antilles &#8230; que sais-je).<\/p>\n","protected":false},"excerpt":{"rendered":"<p>Le projet \u00c0 l&rsquo;origine de tout \u00e7a il y a un voyage magique en Mer Rouge : deux semaines sur un bateau \u00e0 se balader de spot de plong\u00e9e en spot de plong\u00e9e. Un peu sur les traces de la Calypso \u00ab\u00a0quelques\u00a0\u00bb ann\u00e9es plus tard. \u00c0 mon retour je n&rsquo;ai pas eu envie de monter [&hellip;]<\/p>\n","protected":false},"author":3,"featured_media":0,"parent":0,"menu_order":0,"comment_status":"open","ping_status":"open","template":"","meta":[],"categories":[1],"_links":{"self":[{"href":"https:\/\/abcd.abuledu.org\/six-minutes-pour-la-mer-rouge\/wp-json\/wp\/v2\/pages\/2"}],"collection":[{"href":"https:\/\/abcd.abuledu.org\/six-minutes-pour-la-mer-rouge\/wp-json\/wp\/v2\/pages"}],"about":[{"href":"https:\/\/abcd.abuledu.org\/six-minutes-pour-la-mer-rouge\/wp-json\/wp\/v2\/types\/page"}],"author":[{"embeddable":true,"href":"https:\/\/abcd.abuledu.org\/six-minutes-pour-la-mer-rouge\/wp-json\/wp\/v2\/users\/3"}],"replies":[{"embeddable":true,"href":"https:\/\/abcd.abuledu.org\/six-minutes-pour-la-mer-rouge\/wp-json\/wp\/v2\/comments?post=2"}],"version-history":[{"count":19,"href":"https:\/\/abcd.abuledu.org\/six-minutes-pour-la-mer-rouge\/wp-json\/wp\/v2\/pages\/2\/revisions"}],"predecessor-version":[{"id":607,"href":"https:\/\/abcd.abuledu.org\/six-minutes-pour-la-mer-rouge\/wp-json\/wp\/v2\/pages\/2\/revisions\/607"}],"wp:attachment":[{"href":"https:\/\/abcd.abuledu.org\/six-minutes-pour-la-mer-rouge\/wp-json\/wp\/v2\/media?parent=2"}],"wp:term":[{"taxonomy":"category","embeddable":true,"href":"https:\/\/abcd.abuledu.org\/six-minutes-pour-la-mer-rouge\/wp-json\/wp\/v2\/categories?post=2"}],"curies":[{"name":"wp","href":"https:\/\/api.w.org\/{rel}","templated":true}]}}