{"id":34,"date":"2014-12-01T16:25:45","date_gmt":"2014-12-01T15:25:45","guid":{"rendered":"http:\/\/abcd.abuledu.org\/la-vie-sous-marine\/?page_id=34"},"modified":"2016-05-15T20:57:36","modified_gmt":"2016-05-15T19:57:36","slug":"reutiliser-ces-ressources","status":"publish","type":"page","link":"https:\/\/abcd.abuledu.org\/six-minutes-pour-la-mer-rouge\/reutiliser-ces-ressources\/","title":{"rendered":"R\u00e9utiliser ces ressources"},"content":{"rendered":"<p>Je vous invite \u00e0 recombiner, r\u00e9utiliser, modifier, adapter toutes les ressources pr\u00e9sentes sur ce site (\u00e0 condition de respecter la licence <a href=\"https:\/\/creativecommons.org\/licenses\/by-sa\/2.0\/fr\/\">cc-by-sa<\/a>)\u00a0 dont voici le r\u00e9sum\u00e9:<\/p>\n<h4>Vous \u00eates autoris\u00e9 \u00e0 :<\/h4>\n<ul>\n<li><strong>Partager<\/strong> \u2014 copier, distribuer et communiquer le mat\u00e9riel par tous moyens et sous tous formats<\/li>\n<li><strong>Adapter<\/strong> \u2014 remixer, transformer et cr\u00e9er \u00e0 partir du mat\u00e9riel<\/li>\n<li><strong>Pour toute utilisation<\/strong>, y compris commerciale.<\/li>\n<li>L&rsquo;Offrant ne peut retirer les autorisations conc\u00e9d\u00e9es par la licence tant que vous appliquez les termes de cette licence.<\/li>\n<\/ul>\n<h4>Selon les conditions suivantes :<\/h4>\n<ul>\n<li><strong>Attribution<\/strong> \u2014 Vous devez citer vos sources correctement et fournir un lien vers la licence.<\/li>\n<li><strong>Partage dans les M\u00eames Conditions<\/strong> \u2014 Dans le cas o\u00f9 vous effectuez un remix, que vous transformez, ou cr\u00e9ez \u00e0 partir du mat\u00e9riel composant l\u2019\u0153uvre originale, vous devez diffuser l\u2019\u0153uvre modifi\u00e9e dans les m\u00eame conditions, c&rsquo;est \u00e0 dire avec la m\u00eame licence avec laquelle l\u2019\u0153uvre originale a \u00e9t\u00e9 diffus\u00e9e.<\/li>\n<li><strong>Pas de restriction suppl\u00e9mentaire<\/strong> \u2014 Vous n&rsquo;\u00eates pas autoris\u00e9 \u00e0 appliquer des conditions l\u00e9gales ou des mesures techniques qui restreindraient l\u00e9galement autrui \u00e0 utiliser l\u2019\u0153uvre dans les conditions d\u00e9crites par la licence.<\/li>\n<\/ul>\n<h2>Les 4R des Ressources \u00c9ducatives Libres<\/h2>\n<ul>\n<li id=\"stcpDiv\">R\u00e9utiliser<\/li>\n<li>Retravailler<\/li>\n<li>Recombiner<\/li>\n<li>Redistribuer<\/li>\n<\/ul>\n<h2>R\u00e9f\u00e9rences<\/h2>\n<ul>\n<li>D\u00e9finition des Ressources \u00c9ducatives libres sur l&rsquo;<a href=\"http:\/\/www.unesco.org\/new\/fr\/communication-and-information\/access-to-knowledge\/open-educational-resources\/\">UNESCO<\/a> et <a href=\"http:\/\/fr.wikipedia.org\/wiki\/Ressources_%C3%A9ducatives_libres\">Wikip\u00e9dia<\/a><\/li>\n<li>Usage, cr\u00e9ation et partage de ressources \u00e9ducatives libres Pour quels mod\u00e8les de pratiques \u00e9ducatives ouvertes ? &#8211; Exemples \u00e0 travers des dispositifs de formation hybride dans le d\u00e9partement de l&rsquo;Indre &#8211; Mich\u00e8le Drechsler, IEN conseill\u00e8re TICE, acad\u00e9mie Orl\u00e9ans-Tours &#8211; <a href=\"\/six-minutes-pour-la-mer-rouge\/wp-content\/uploads\/sites\/3\/2014\/12\/EMIConf_2013_TR5_-Contribution_Michele_Drechsler.pdf\">EMIConf_2013_TR5_ Contribution_Michele_Drechsler<\/a><\/li>\n<\/ul>\n","protected":false},"excerpt":{"rendered":"<p>Je vous invite \u00e0 recombiner, r\u00e9utiliser, modifier, adapter toutes les ressources pr\u00e9sentes sur ce site (\u00e0 condition de respecter la licence cc-by-sa)\u00a0 dont voici le r\u00e9sum\u00e9: Vous \u00eates autoris\u00e9 \u00e0 : Partager \u2014 copier, distribuer et communiquer le mat\u00e9riel par tous moyens et sous tous formats Adapter \u2014 remixer, transformer et cr\u00e9er \u00e0 partir du [&hellip;]<\/p>\n","protected":false},"author":3,"featured_media":0,"parent":0,"menu_order":0,"comment_status":"closed","ping_status":"closed","template":"","meta":[],"categories":[1],"_links":{"self":[{"href":"https:\/\/abcd.abuledu.org\/six-minutes-pour-la-mer-rouge\/wp-json\/wp\/v2\/pages\/34"}],"collection":[{"href":"https:\/\/abcd.abuledu.org\/six-minutes-pour-la-mer-rouge\/wp-json\/wp\/v2\/pages"}],"about":[{"href":"https:\/\/abcd.abuledu.org\/six-minutes-pour-la-mer-rouge\/wp-json\/wp\/v2\/types\/page"}],"author":[{"embeddable":true,"href":"https:\/\/abcd.abuledu.org\/six-minutes-pour-la-mer-rouge\/wp-json\/wp\/v2\/users\/3"}],"replies":[{"embeddable":true,"href":"https:\/\/abcd.abuledu.org\/six-minutes-pour-la-mer-rouge\/wp-json\/wp\/v2\/comments?post=34"}],"version-history":[{"count":14,"href":"https:\/\/abcd.abuledu.org\/six-minutes-pour-la-mer-rouge\/wp-json\/wp\/v2\/pages\/34\/revisions"}],"predecessor-version":[{"id":609,"href":"https:\/\/abcd.abuledu.org\/six-minutes-pour-la-mer-rouge\/wp-json\/wp\/v2\/pages\/34\/revisions\/609"}],"wp:attachment":[{"href":"https:\/\/abcd.abuledu.org\/six-minutes-pour-la-mer-rouge\/wp-json\/wp\/v2\/media?parent=34"}],"wp:term":[{"taxonomy":"category","embeddable":true,"href":"https:\/\/abcd.abuledu.org\/six-minutes-pour-la-mer-rouge\/wp-json\/wp\/v2\/categories?post=34"}],"curies":[{"name":"wp","href":"https:\/\/api.w.org\/{rel}","templated":true}]}}

Réutiliser ces ressources

<p>Je vous invite à recombiner, réutiliser, modifier, adapter toutes les ressources présentes sur ce site (à condition de respecter la licence <a href="https://creativecommons.org/licenses/by-sa/2.0/fr/">cc-by-sa</a>)  dont voici le résumé:</p>
<h4>Vous êtes autorisé à :</h4>
<ul>
<li><strong>Partager</strong> — copier, distribuer et communiquer le matériel par tous moyens et sous tous formats</li>
<li><strong>Adapter</strong> — remixer, transformer et créer à partir du matériel</li>
<li><strong>Pour toute utilisation</strong>, y compris commerciale.</li>
<li>L&rsquo;Offrant ne peut retirer les autorisations concédées par la licence tant que vous appliquez les termes de cette licence.</li>
</ul>
<h4>Selon les conditions suivantes :</h4>
<ul>
<li><strong>Attribution</strong> — Vous devez citer vos sources correctement et fournir un lien vers la licence.</li>
<li><strong>Partage dans les Mêmes Conditions</strong> — Dans le cas où vous effectuez un remix, que vous transformez, ou créez à partir du matériel composant l’œuvre originale, vous devez diffuser l’œuvre modifiée dans les même conditions, c&rsquo;est à dire avec la même licence avec laquelle l’œuvre originale a été diffusée.</li>
<li><strong>Pas de restriction supplémentaire</strong> — Vous n&rsquo;êtes pas autorisé à appliquer des conditions légales ou des mesures techniques qui restreindraient légalement autrui à utiliser l’œuvre dans les conditions décrites par la licence.</li>
</ul>
<h2>Les 4R des Ressources Éducatives Libres</h2>
<ul>
<li id="stcpDiv">Réutiliser</li>
<li>Retravailler</li>
<li>Recombiner</li>
<li>Redistribuer</li>
</ul>
<h2>Références</h2>
<ul>
<li>Définition des Ressources Éducatives libres sur l&rsquo;<a href="http://www.unesco.org/new/fr/communication-and-information/access-to-knowledge/open-educational-resources/">UNESCO</a> et <a href="http://fr.wikipedia.org/wiki/Ressources_%C3%A9ducatives_libres">Wikipédia</a></li>
<li>Usage, création et partage de ressources éducatives libres Pour quels modèles de pratiques éducatives ouvertes ? &#8211; Exemples à travers des dispositifs de formation hybride dans le département de l&rsquo;Indre &#8211; Michèle Drechsler, IEN conseillère TICE, académie Orléans-Tours &#8211; <a href="/six-minutes-pour-la-mer-rouge/wp-content/uploads/sites/3/2014/12/EMIConf_2013_TR5_-Contribution_Michele_Drechsler.pdf">EMIConf_2013_TR5_ Contribution_Michele_Drechsler</a></li>
</ul>

<p>Je vous invite à recombiner, réutiliser, modifier, adapter toutes les ressources présentes sur ce site (à condition de respecter la licence cc-by-sa)  dont voici le résumé: Vous êtes autorisé à : Partager — copier, distribuer et communiquer le matériel par tous moyens et sous tous formats Adapter — remixer, transformer et créer à partir du [&hellip;]</p>
