{"id":47,"date":"2014-12-12T18:55:47","date_gmt":"2014-12-12T17:55:47","guid":{"rendered":"http:\/\/abcd.abuledu.org\/la-vie-sous-marine\/?page_id=47"},"modified":"2016-05-15T20:58:34","modified_gmt":"2016-05-15T19:58:34","slug":"soutenir-le-projet","status":"publish","type":"page","link":"https:\/\/abcd.abuledu.org\/six-minutes-pour-la-mer-rouge\/soutenir-le-projet\/","title":{"rendered":"Soutenir le projet"},"content":{"rendered":"<p>Si vous voulez soutenir ce projet (et les autres) vous pouvez<\/p>\n<ul>\n<li>imprimer et diffuser des flyers pour le faire conna\u00eetre autour de vous (flyers et mat\u00e9riel de communication \u00e0 venir)<\/li>\n<li><a href=\"mailto:contact@ryxeo.com?subject=Proposition%20de coup de main pour le site des 6 minutes pour la mer rouge\">nous contacter pour contribuer<\/a><\/li>\n<\/ul>\n<h3>Participer au financement de la cr\u00e9ation de ressources \u00e9ducatives libres<\/h3>\n<p>Si vous pensez <strong>&#8211; comme nous &#8211;<\/strong> qu&rsquo;il est possible pour des auteurs de vivre en produisant des ressources \u00e9ducatives libres de qualit\u00e9 comme ce que vous \u00eates en train de consulter alors faites un don pour soutenir cette initiative et nous aider \u00e0 montrer l&rsquo;exemple pour que d&rsquo;autres auteurs se lancent dans l&rsquo;aventure.<\/p>\n<ul>\n<li><strong><a href=\"https:\/\/www.ryxeo.com\/boutique\/fr\/home\/136-participation-aux-frais-et-soutiens-aux-auteurs-de-rel.html\">Financer directement la production de REL<\/a><\/strong><\/li>\n<\/ul>\n<h3>Acheter un DVD ?<\/h3>\n<p>Si vous voulez vraiment acheter un DVD du film + les diff\u00e9rentes ressources pr\u00e9sentes sur ce site, exprimez-vous par email &#8230; je me pose la question de l&#8217;empreinte \u00e9cologique d&rsquo;un DVD par rapport au site web, d&rsquo;un c\u00f4t\u00e9 je me dis que graver des dvd c&rsquo;est gaspiller des ressources et de l&rsquo;autre je me demande si toute l&rsquo;\u00e9nergie n\u00e9cessaire \u00e0 stocker ce site et l&rsquo;apporter jusqu&rsquo;\u00e0 votre ordinateur n&rsquo;est finalement pas plus co\u00fbteux qu&rsquo;un DVD &#8230;<\/p>\n","protected":false},"excerpt":{"rendered":"<p>Si vous voulez soutenir ce projet (et les autres) vous pouvez imprimer et diffuser des flyers pour le faire conna\u00eetre autour de vous (flyers et mat\u00e9riel de communication \u00e0 venir) nous contacter pour contribuer Participer au financement de la cr\u00e9ation de ressources \u00e9ducatives libres Si vous pensez &#8211; comme nous &#8211; qu&rsquo;il est possible pour [&hellip;]<\/p>\n","protected":false},"author":3,"featured_media":0,"parent":0,"menu_order":0,"comment_status":"closed","ping_status":"closed","template":"","meta":[],"categories":[5],"_links":{"self":[{"href":"https:\/\/abcd.abuledu.org\/six-minutes-pour-la-mer-rouge\/wp-json\/wp\/v2\/pages\/47"}],"collection":[{"href":"https:\/\/abcd.abuledu.org\/six-minutes-pour-la-mer-rouge\/wp-json\/wp\/v2\/pages"}],"about":[{"href":"https:\/\/abcd.abuledu.org\/six-minutes-pour-la-mer-rouge\/wp-json\/wp\/v2\/types\/page"}],"author":[{"embeddable":true,"href":"https:\/\/abcd.abuledu.org\/six-minutes-pour-la-mer-rouge\/wp-json\/wp\/v2\/users\/3"}],"replies":[{"embeddable":true,"href":"https:\/\/abcd.abuledu.org\/six-minutes-pour-la-mer-rouge\/wp-json\/wp\/v2\/comments?post=47"}],"version-history":[{"count":16,"href":"https:\/\/abcd.abuledu.org\/six-minutes-pour-la-mer-rouge\/wp-json\/wp\/v2\/pages\/47\/revisions"}],"predecessor-version":[{"id":610,"href":"https:\/\/abcd.abuledu.org\/six-minutes-pour-la-mer-rouge\/wp-json\/wp\/v2\/pages\/47\/revisions\/610"}],"wp:attachment":[{"href":"https:\/\/abcd.abuledu.org\/six-minutes-pour-la-mer-rouge\/wp-json\/wp\/v2\/media?parent=47"}],"wp:term":[{"taxonomy":"category","embeddable":true,"href":"https:\/\/abcd.abuledu.org\/six-minutes-pour-la-mer-rouge\/wp-json\/wp\/v2\/categories?post=47"}],"curies":[{"name":"wp","href":"https:\/\/api.w.org\/{rel}","templated":true}]}}